-- https://www.phpmyadmin.net
--




--
-- Database: `notunshomoy`
--

-- --------------------------------------------------------

--
-- Table structure for table `categories`
--

CREATE TABLE IF NOT EXISTS `categories` (
  `id` int(10) unsigned NOT NULL AUTO_INCREMENT,
  `name` varchar(255) COLLATE utf8_unicode_ci NOT NULL,
  `slug` varchar(255) COLLATE utf8_unicode_ci NOT NULL,
  `parent_id` int(11) NOT NULL,
  `position` int(11) DEFAULT NULL,
  `created_at` timestamp NULL DEFAULT NULL,
  `updated_at` timestamp NULL DEFAULT NULL,
  PRIMARY KEY (`id`)
) ENGINE=MyISAM  DEFAULT CHARSET=utf8 COLLATE=utf8_unicode_ci AUTO_INCREMENT=8 ;

--
-- Dumping data for table `categories`
--

INSERT INTO `categories` (`id`, `name`, `slug`, `parent_id`, `position`, `created_at`, `updated_at`) VALUES
(1, 'বাংলাদেশ', 'বাংলাদেশ', 0, 1, '2018-08-04 07:19:35', '2018-08-04 10:08:06'),
(2, 'আন্তর্জাতিক', 'আন্তর্জাতিক', 0, 2, '2018-08-04 10:08:30', '2018-08-04 10:08:30'),
(3, 'অর্থনীতি', 'অর্থনীতি', 0, 3, '2018-08-04 10:08:38', '2018-08-04 10:08:38'),
(4, 'মতামত', 'মতামত', 0, 4, '2018-08-04 10:08:44', '2018-08-04 10:08:44'),
(5, 'খেলা', 'খেলা', 0, 5, '2018-08-04 10:08:50', '2018-08-04 10:08:50'),
(6, 'বিনোদন', 'বিনোদন', 0, 6, '2018-08-04 10:08:58', '2018-08-04 10:08:58'),
(7, 'a', 'a', 0, 1, '2018-08-05 19:25:36', '2018-08-05 19:25:36');

-- --------------------------------------------------------

--
-- Table structure for table `category_photo`
--

CREATE TABLE IF NOT EXISTS `category_photo` (
  `photo_id` int(10) unsigned NOT NULL,
  `category_id` int(10) unsigned NOT NULL,
  `created_at` timestamp NULL DEFAULT NULL,
  `updated_at` timestamp NULL DEFAULT NULL,
  KEY `category_photo_photo_id_index` (`photo_id`),
  KEY `category_photo_category_id_index` (`category_id`)
) ENGINE=MyISAM DEFAULT CHARSET=utf8 COLLATE=utf8_unicode_ci;

--
-- Dumping data for table `category_photo`
--

INSERT INTO `category_photo` (`photo_id`, `category_id`, `created_at`, `updated_at`) VALUES
(1, 1, '2018-08-04 10:42:39', '2018-08-04 10:42:39'),
(1, 2, '2018-08-04 10:42:39', '2018-08-04 10:42:39'),
(1, 3, '2018-08-04 10:42:39', '2018-08-04 10:42:39'),
(1, 4, '2018-08-04 10:42:39', '2018-08-04 10:42:39'),
(1, 5, '2018-08-04 10:42:39', '2018-08-04 10:42:39'),
(1, 6, '2018-08-04 10:42:39', '2018-08-04 10:42:39'),
(2, 1, '2018-08-04 10:44:17', '2018-08-04 10:44:17'),
(2, 2, '2018-08-04 10:44:17', '2018-08-04 10:44:17'),
(2, 3, '2018-08-04 10:44:17', '2018-08-04 10:44:17'),
(2, 4, '2018-08-04 10:44:17', '2018-08-04 10:44:17'),
(2, 5, '2018-08-04 10:44:17', '2018-08-04 10:44:17'),
(2, 6, '2018-08-04 10:44:17', '2018-08-04 10:44:17');

-- --------------------------------------------------------

--
-- Table structure for table `category_post`
--

CREATE TABLE IF NOT EXISTS `category_post` (
  `post_id` int(10) unsigned NOT NULL,
  `category_id` int(10) unsigned NOT NULL,
  `created_at` timestamp NULL DEFAULT NULL,
  `updated_at` timestamp NULL DEFAULT NULL,
  KEY `category_post_post_id_index` (`post_id`),
  KEY `category_post_category_id_index` (`category_id`)
) ENGINE=MyISAM DEFAULT CHARSET=utf8 COLLATE=utf8_unicode_ci;

--
-- Dumping data for table `category_post`
--

INSERT INTO `category_post` (`post_id`, `category_id`, `created_at`, `updated_at`) VALUES
(3, 1, '2018-08-04 10:20:47', '2018-08-04 10:20:47'),
(2, 1, '2018-08-04 10:18:05', '2018-08-04 10:18:05'),
(2, 2, '2018-08-04 10:18:05', '2018-08-04 10:18:05'),
(2, 3, '2018-08-04 10:18:05', '2018-08-04 10:18:05'),
(2, 4, '2018-08-04 10:18:05', '2018-08-04 10:18:05'),
(2, 5, '2018-08-04 10:18:05', '2018-08-04 10:18:05'),
(2, 6, '2018-08-04 10:18:05', '2018-08-04 10:18:05'),
(3, 2, '2018-08-04 10:20:47', '2018-08-04 10:20:47'),
(3, 3, '2018-08-04 10:20:47', '2018-08-04 10:20:47'),
(3, 4, '2018-08-04 10:20:47', '2018-08-04 10:20:47'),
(3, 5, '2018-08-04 10:20:47', '2018-08-04 10:20:47'),
(3, 6, '2018-08-04 10:20:47', '2018-08-04 10:20:47'),
(4, 1, '2018-08-04 10:23:25', '2018-08-04 10:23:25'),
(4, 2, '2018-08-04 10:23:25', '2018-08-04 10:23:25'),
(4, 3, '2018-08-04 10:23:25', '2018-08-04 10:23:25'),
(4, 4, '2018-08-04 10:23:25', '2018-08-04 10:23:25'),
(4, 5, '2018-08-04 10:23:25', '2018-08-04 10:23:25'),
(4, 6, '2018-08-04 10:23:25', '2018-08-04 10:23:25'),
(5, 1, '2018-08-04 10:25:36', '2018-08-04 10:25:36'),
(5, 2, '2018-08-04 10:25:36', '2018-08-04 10:25:36'),
(5, 3, '2018-08-04 10:25:36', '2018-08-04 10:25:36'),
(5, 4, '2018-08-04 10:25:36', '2018-08-04 10:25:36'),
(5, 5, '2018-08-04 10:25:36', '2018-08-04 10:25:36'),
(5, 6, '2018-08-04 10:25:36', '2018-08-04 10:25:36'),
(6, 1, '2018-08-04 10:26:58', '2018-08-04 10:26:58'),
(6, 2, '2018-08-04 10:26:58', '2018-08-04 10:26:58'),
(6, 3, '2018-08-04 10:26:58', '2018-08-04 10:26:58'),
(6, 4, '2018-08-04 10:26:58', '2018-08-04 10:26:58'),
(6, 5, '2018-08-04 10:26:58', '2018-08-04 10:26:58'),
(6, 6, '2018-08-04 10:26:58', '2018-08-04 10:26:58'),
(7, 1, '2018-08-04 10:28:19', '2018-08-04 10:28:19'),
(7, 2, '2018-08-04 10:28:19', '2018-08-04 10:28:19'),
(7, 3, '2018-08-04 10:28:19', '2018-08-04 10:28:19'),
(7, 4, '2018-08-04 10:28:19', '2018-08-04 10:28:19'),
(7, 5, '2018-08-04 10:28:19', '2018-08-04 10:28:19'),
(7, 6, '2018-08-04 10:28:19', '2018-08-04 10:28:19');

-- --------------------------------------------------------

--
-- Table structure for table `category_video`
--

CREATE TABLE IF NOT EXISTS `category_video` (
  `video_gallery_id` int(10) unsigned NOT NULL,
  `category_id` int(10) unsigned NOT NULL,
  `created_at` timestamp NULL DEFAULT NULL,
  `updated_at` timestamp NULL DEFAULT NULL,
  KEY `category_video_video_gallery_id_index` (`video_gallery_id`),
  KEY `category_video_category_id_index` (`category_id`)
) ENGINE=MyISAM DEFAULT CHARSET=utf8 COLLATE=utf8_unicode_ci;

--
-- Dumping data for table `category_video`
--

INSERT INTO `category_video` (`video_gallery_id`, `category_id`, `created_at`, `updated_at`) VALUES
(1, 1, '2018-08-04 10:32:26', '2018-08-04 10:32:26'),
(1, 2, '2018-08-04 10:32:26', '2018-08-04 10:32:26'),
(1, 3, '2018-08-04 10:32:26', '2018-08-04 10:32:26'),
(1, 4, '2018-08-04 10:32:26', '2018-08-04 10:32:26'),
(1, 5, '2018-08-04 10:32:26', '2018-08-04 10:32:26'),
(1, 6, '2018-08-04 10:32:26', '2018-08-04 10:32:26'),
(2, 1, '2018-08-04 10:34:14', '2018-08-04 10:34:14'),
(2, 2, '2018-08-04 10:34:14', '2018-08-04 10:34:14'),
(2, 3, '2018-08-04 10:34:14', '2018-08-04 10:34:14'),
(2, 4, '2018-08-04 10:34:14', '2018-08-04 10:34:14'),
(2, 5, '2018-08-04 10:34:14', '2018-08-04 10:34:14'),
(2, 6, '2018-08-04 10:34:14', '2018-08-04 10:34:14'),
(3, 1, '2018-08-04 10:34:49', '2018-08-04 10:34:49'),
(3, 2, '2018-08-04 10:34:49', '2018-08-04 10:34:49'),
(3, 3, '2018-08-04 10:34:49', '2018-08-04 10:34:49'),
(3, 4, '2018-08-04 10:34:49', '2018-08-04 10:34:49'),
(3, 5, '2018-08-04 10:34:49', '2018-08-04 10:34:49'),
(3, 6, '2018-08-04 10:34:49', '2018-08-04 10:34:49'),
(4, 1, '2018-08-04 10:35:16', '2018-08-04 10:35:16'),
(4, 2, '2018-08-04 10:35:16', '2018-08-04 10:35:16'),
(4, 3, '2018-08-04 10:35:16', '2018-08-04 10:35:16'),
(4, 4, '2018-08-04 10:35:16', '2018-08-04 10:35:16'),
(4, 5, '2018-08-04 10:35:16', '2018-08-04 10:35:16'),
(4, 6, '2018-08-04 10:35:16', '2018-08-04 10:35:16'),
(5, 1, '2018-08-04 10:36:04', '2018-08-04 10:36:04'),
(5, 2, '2018-08-04 10:36:04', '2018-08-04 10:36:04'),
(5, 3, '2018-08-04 10:36:04', '2018-08-04 10:36:04'),
(5, 4, '2018-08-04 10:36:04', '2018-08-04 10:36:04'),
(5, 5, '2018-08-04 10:36:04', '2018-08-04 10:36:04'),
(5, 6, '2018-08-04 10:36:04', '2018-08-04 10:36:04'),
(6, 1, '2018-08-04 10:38:15', '2018-08-04 10:38:15'),
(6, 2, '2018-08-04 10:38:15', '2018-08-04 10:38:15'),
(6, 3, '2018-08-04 10:38:15', '2018-08-04 10:38:15'),
(6, 4, '2018-08-04 10:38:15', '2018-08-04 10:38:15'),
(6, 5, '2018-08-04 10:38:15', '2018-08-04 10:38:15'),
(6, 6, '2018-08-04 10:38:15', '2018-08-04 10:38:15'),
(7, 1, '2018-08-04 10:38:53', '2018-08-04 10:38:53'),
(7, 2, '2018-08-04 10:38:53', '2018-08-04 10:38:53'),
(7, 3, '2018-08-04 10:38:53', '2018-08-04 10:38:53'),
(7, 4, '2018-08-04 10:38:53', '2018-08-04 10:38:53'),
(7, 5, '2018-08-04 10:38:53', '2018-08-04 10:38:53'),
(7, 6, '2018-08-04 10:38:53', '2018-08-04 10:38:53'),
(8, 1, '2018-08-04 10:40:46', '2018-08-04 10:40:46'),
(8, 2, '2018-08-04 10:40:46', '2018-08-04 10:40:46'),
(8, 3, '2018-08-04 10:40:46', '2018-08-04 10:40:46'),
(8, 4, '2018-08-04 10:40:46', '2018-08-04 10:40:46'),
(8, 5, '2018-08-04 10:40:46', '2018-08-04 10:40:46'),
(8, 6, '2018-08-04 10:40:46', '2018-08-04 10:40:46'),
(9, 1, '2018-08-05 20:36:23', '2018-08-05 20:36:23');

-- --------------------------------------------------------

--
-- Table structure for table `districts`
--

CREATE TABLE IF NOT EXISTS `districts` (
  `id` int(10) unsigned NOT NULL AUTO_INCREMENT,
  `division_id` int(10) unsigned NOT NULL,
  `name` varchar(255) COLLATE utf8_unicode_ci NOT NULL,
  `slug` varchar(255) COLLATE utf8_unicode_ci NOT NULL,
  `created_at` timestamp NULL DEFAULT NULL,
  `updated_at` timestamp NULL DEFAULT NULL,
  PRIMARY KEY (`id`),
  KEY `districts_division_id_index` (`division_id`)
) ENGINE=MyISAM DEFAULT CHARSET=utf8 COLLATE=utf8_unicode_ci AUTO_INCREMENT=1 ;

-- --------------------------------------------------------

--
-- Table structure for table `district_post`
--

CREATE TABLE IF NOT EXISTS `district_post` (
  `post_id` int(10) unsigned NOT NULL,
  `district_id` int(10) unsigned NOT NULL,
  `created_at` timestamp NULL DEFAULT NULL,
  `updated_at` timestamp NULL DEFAULT NULL,
  KEY `district_post_post_id_index` (`post_id`),
  KEY `district_post_district_id_index` (`district_id`)
) ENGINE=MyISAM DEFAULT CHARSET=utf8 COLLATE=utf8_unicode_ci;

--
-- Dumping data for table `district_post`
--

INSERT INTO `district_post` (`post_id`, `district_id`, `created_at`, `updated_at`) VALUES
(1, 0, '2018-08-04 07:39:00', '2018-08-04 07:39:00'),
(2, 0, '2018-08-04 10:18:05', '2018-08-04 10:18:05'),
(3, 0, '2018-08-04 10:20:47', '2018-08-04 10:20:47'),
(4, 0, '2018-08-04 10:23:25', '2018-08-04 10:23:25'),
(5, 0, '2018-08-04 10:25:36', '2018-08-04 10:25:36'),
(6, 0, '2018-08-04 10:26:58', '2018-08-04 10:26:58'),
(7, 0, '2018-08-04 10:28:19', '2018-08-04 10:28:19');

-- --------------------------------------------------------

--
-- Table structure for table `divisions`
--

CREATE TABLE IF NOT EXISTS `divisions` (
  `id` int(10) unsigned NOT NULL AUTO_INCREMENT,
  `name` varchar(255) COLLATE utf8_unicode_ci NOT NULL,
  `slug` varchar(255) COLLATE utf8_unicode_ci NOT NULL,
  `created_at` timestamp NULL DEFAULT NULL,
  `updated_at` timestamp NULL DEFAULT NULL,
  PRIMARY KEY (`id`)
) ENGINE=MyISAM DEFAULT CHARSET=utf8 COLLATE=utf8_unicode_ci AUTO_INCREMENT=1 ;

-- --------------------------------------------------------

--
-- Table structure for table `images`
--

CREATE TABLE IF NOT EXISTS `images` (
  `id` int(10) unsigned NOT NULL AUTO_INCREMENT,
  `created_at` timestamp NULL DEFAULT NULL,
  `updated_at` timestamp NULL DEFAULT NULL,
  PRIMARY KEY (`id`)
) ENGINE=MyISAM DEFAULT CHARSET=utf8 COLLATE=utf8_unicode_ci AUTO_INCREMENT=1 ;

-- --------------------------------------------------------

--
-- Table structure for table `lead_posts`
--

CREATE TABLE IF NOT EXISTS `lead_posts` (
  `id` int(10) unsigned NOT NULL AUTO_INCREMENT,
  `position` int(11) NOT NULL,
  `post_id` int(11) NOT NULL,
  `created_at` timestamp NULL DEFAULT NULL,
  `updated_at` timestamp NULL DEFAULT NULL,
  PRIMARY KEY (`id`)
) ENGINE=MyISAM  DEFAULT CHARSET=utf8 COLLATE=utf8_unicode_ci AUTO_INCREMENT=12 ;

--
-- Dumping data for table `lead_posts`
--

INSERT INTO `lead_posts` (`id`, `position`, `post_id`, `created_at`, `updated_at`) VALUES
(10, 1, 2, '2018-08-05 18:14:21', '2018-08-05 18:14:21'),
(9, 2, 3, '2018-08-05 18:14:18', '2018-08-05 18:14:18'),
(8, 3, 4, '2018-08-05 18:14:16', '2018-08-05 18:14:16'),
(7, 5, 6, '2018-08-05 18:14:10', '2018-08-05 18:14:10'),
(11, 6, 7, '2018-08-05 18:15:04', '2018-08-05 18:15:04');

-- --------------------------------------------------------

--
-- Table structure for table `menus`
--

CREATE TABLE IF NOT EXISTS `menus` (
  `id` int(10) unsigned NOT NULL AUTO_INCREMENT,
  `url_text` varchar(255) COLLATE utf8_unicode_ci NOT NULL,
  `url_path` varchar(255) COLLATE utf8_unicode_ci NOT NULL,
  `created_at` timestamp NULL DEFAULT NULL,
  `updated_at` timestamp NULL DEFAULT NULL,
  `position` int(11) NOT NULL,
  PRIMARY KEY (`id`)
) ENGINE=MyISAM  DEFAULT CHARSET=utf8 COLLATE=utf8_unicode_ci AUTO_INCREMENT=5 ;

--
-- Dumping data for table `menus`
--

INSERT INTO `menus` (`id`, `url_text`, `url_path`, `created_at`, `updated_at`, `position`) VALUES
(1, 'Home', '#', '2018-08-05 16:48:39', '2018-08-05 16:48:39', 1),
(2, 'Bangladesh', '#', '2018-08-05 16:48:49', '2018-08-05 16:48:49', 2),
(3, 'International', '#', '2018-08-05 16:48:57', '2018-08-05 16:48:57', 3),
(4, 'Videos', 'http://notunshomoy.test/video-gallery', '2018-08-05 20:59:05', '2018-08-05 20:59:05', 4);

-- --------------------------------------------------------

--
-- Table structure for table `migrations`
--

CREATE TABLE IF NOT EXISTS `migrations` (
  `migration` varchar(255) COLLATE utf8_unicode_ci NOT NULL,
  `batch` int(11) NOT NULL
) ENGINE=MyISAM DEFAULT CHARSET=utf8 COLLATE=utf8_unicode_ci;

--
-- Dumping data for table `migrations`
--

INSERT INTO `migrations` (`migration`, `batch`) VALUES
('2014_10_12_000000_create_users_table', 1),
('2014_10_12_100000_create_password_resets_table', 1),
('2016_08_04_162344_create_settings_table', 1),
('2016_09_03_114030_create_categories_table', 1),
('2016_09_03_122022_create_sub_category_table', 1),
('2016_09_07_103538_create_menus_table', 1),
('2016_09_07_105210_create_sub_menus_table', 1),
('2016_09_07_135739_create_divisions_table', 1),
('2016_09_07_135916_create_districts_table', 1),
('2016_09_07_164444_create_tags_table', 1),
('2016_09_07_172635_create_posts_table', 1),
('2016_09_07_223856_create_pivote_table', 1),
('2016_09_10_133100_create_category_post_table', 1),
('2016_10_04_093847_add_update_time_and_view_count_in_posts_table', 1),
('2016_10_04_094129_create_photos_table', 1),
('2016_10_04_094143_create_videos_table', 1),
('2016_10_05_003119_add_position_col_in_menus', 1),
('2016_10_23_121016_create_position_column_in_categories', 1),
('2017_02_07_120440_create_lead_posts_table', 1),
('2017_02_19_105325_create_polls_table', 1),
('2017_02_19_105418_create_poll_choices_table', 1),
('2017_02_19_105435_create_poll_answers_table', 1),
('2017_03_25_193641_create_district_post_table', 1),
('2018_07_31_141650_add_picture_to_users_table', 1),
('2018_07_31_142232_create_images_table', 1),
('2018_08_02_102743_create_category_video_table', 1),
('2018_08_02_105235_create_tag_video_table', 1),
('2018_08_03_081944_create_tag_photo_table', 1),
('2018_08_03_082020_create_category_photo_table', 1);

-- --------------------------------------------------------

--
-- Table structure for table `photos`
--

CREATE TABLE IF NOT EXISTS `photos` (
  `id` int(10) unsigned NOT NULL AUTO_INCREMENT,
  `user_id` int(10) unsigned NOT NULL,
  `title` varchar(255) COLLATE utf8_unicode_ci NOT NULL,
  `featured_image` varchar(255) COLLATE utf8_unicode_ci NOT NULL,
  `photo_content` text COLLATE utf8_unicode_ci NOT NULL,
  `view_count` bigint(20) NOT NULL DEFAULT '0',
  `created_at` timestamp NULL DEFAULT NULL,
  `updated_at` timestamp NULL DEFAULT NULL,
  `last_update` timestamp NULL DEFAULT NULL,
  PRIMARY KEY (`id`),
  KEY `photos_user_id_index` (`user_id`)
) ENGINE=MyISAM  DEFAULT CHARSET=utf8 COLLATE=utf8_unicode_ci AUTO_INCREMENT=3 ;

--
-- Dumping data for table `photos`
--

INSERT INTO `photos` (`id`, `user_id`, `title`, `featured_image`, `photo_content`, `view_count`, `created_at`, `updated_at`, `last_update`) VALUES
(1, 1, 'চীন সফরে কিম', 'http://notunshomoy.test/uploads/shares/eaf2587aa1a72e29f31e27317095713b-5b2a43d0456fc-2018-08-04-16-42-35.jpg', '<div class="pop-each" data-image="1307376">\r\n<div class="info">\r\n<div class="share_group">&nbsp;</div>\r\n</div>\r\n</div>\r\n<div class="pop-each" data-image="1307381">\r\n<div class="photo"><em id="gallery-image-1307381" class="fake_ha"></em><a class="jw_media_holder media_image alignfull pop-media-holder pop-active"><span id="image-1307381" class="jw-ari ari-fix"><img src="http://paimages.prothom-alo.com/contents/cache/images/0x468x1/uploads/media/2018/06/20/c30baa49d895c33f790a41412756c3d3-5b2a43dfeecfd.jpg" /></span></a></div>\r\n<div class="info">গ্রেট হলে অভ্যর্থনা অনুষ্ঠানে উত্তর কোরিয়ার নেতা কিম জং-উনকে গার্ড অব অনার দেওয়া হয়। গ্রেট হল অব দ্য পিপলস, বেইজিং, ১৯ জুন। ছবি: এএফপি\r\n<div class="share_group">&nbsp;</div>\r\n</div>\r\n</div>\r\n<div class="pop-each" data-image="1307386">\r\n<div class="photo"><em id="gallery-image-1307386" class="fake_ha"></em><a class="jw_media_holder media_image alignfull pop-media-holder pop-active"><span id="image-1307386" class="jw-ari ari-fix"><img src="http://paimages.prothom-alo.com/contents/cache/images/0x468x1/uploads/media/2018/06/20/f036553db6e83314720e493944f28881-5b2a43f04458d.jpg" /></span></a></div>\r\n<div class="info">অভ্যর্থনা অনুষ্ঠানে কিম জং-উন ও তাঁর স্ত্রী (কিমের ডান পাশে) এবং চীনের প্রেসিডেন্ট সি চিন পিং ও তাঁর স্ত্রী। গ্রেট হল, বেইজিং, ১৯ জুন। ছবি: এএফপি\r\n<div class="share_group">&nbsp;</div>\r\n</div>\r\n</div>\r\n<div class="pop-each" data-image="1307391">\r\n<div class="photo"><em id="gallery-image-1307391" class="fake_ha"></em><a class="jw_media_holder media_image alignfull pop-media-holder pop-active"><span id="image-1307391" class="jw-ari ari-fix"><img src="http://paimages.prothom-alo.com/contents/cache/images/0x468x1/uploads/media/2018/06/20/4650036b3032fe0b10832b9b112bd9a2-5b2a440191fe2.jpg" /></span></a></div>\r\n<div class="info">সফরের প্রথম দিন কিম জং-উনকে দেওয়া অভ্যর্থনা অনুষ্ঠানের একটি মুহূর্ত। পাশে চীনের প্রেসিডেন্ট। বেইজিং, ১৯ জুন। ছবি: এএফপি\r\n<div class="share_group">&nbsp;</div>\r\n</div>\r\n</div>\r\n<div class="pop-each" data-image="1307396">\r\n<div class="photo"><em id="gallery-image-1307396" class="fake_ha"></em><a class="jw_media_holder media_image alignfull pop-media-holder pop-active"><span id="image-1307396" class="jw-ari ari-fix"><img src="http://paimages.prothom-alo.com/contents/cache/images/0x468x1/uploads/media/2018/06/20/677752001b31de174fba338d1fe4d5be-5b2a440e425fd.jpg" /></span></a></div>\r\n<div class="info">উত্তর কোরিয়ার সবচেয়ে গুরুত্বপূর্ণ কূটনীতিক ও অর্থনৈতিক মিত্র হলো চীন। গ্রেট হল, বেইজিং, ১৯ জুন। ছবি: এএফপি\r\n<div class="share_group">&nbsp;</div>\r\n</div>\r\n</div>\r\n<div class="pop-each" data-image="1307401">\r\n<div class="photo"><em id="gallery-image-1307401" class="fake_ha"></em><a class="jw_media_holder media_image alignfull pop-media-holder pop-active"><span id="image-1307401" class="jw-ari ari-fix"><img src="http://paimages.prothom-alo.com/contents/cache/images/0x468x1/uploads/media/2018/06/20/d37d3f480f1d40042509fa9f12a2087b-5b2a441b0b135.jpg" /></span></a></div>\r\n<div class="info">বৈঠকের টেবিলে দুই দেশের প্রতিনিধিদল। বেইজিং, চীন, ২০ জুন। ছবি: রয়টার্স\r\n<div class="share_group">&nbsp;</div>\r\n</div>\r\n</div>\r\n<div class="pop-each" data-image="1307406">\r\n<div class="photo"><em id="gallery-image-1307406" class="fake_ha"></em><a class="jw_media_holder media_image alignfull pop-media-holder pop-active"><span id="image-1307406" class="jw-ari ari-fix"><img src="http://paimages.prothom-alo.com/contents/cache/images/0x468x1/uploads/media/2018/06/20/189930b91b6f2d019d75f948f847bdb1-5b2a4427b7915.jpg" /></span></a></div>\r\n<div class="info">কিমের আগমন উপলক্ষে সি চিন পিংয়ের দেওয়া ভোজ অনুষ্ঠান। বেইজিং, চীন, ২০ জুন। ছবি: এএফপি\r\n<div class="share_group">&nbsp;</div>\r\n</div>\r\n</div>\r\n<div class="pop-each" data-image="1307411">\r\n<div class="photo"><em id="gallery-image-1307411" class="fake_ha"></em><a class="jw_media_holder media_image alignfull pop-media-holder pop-active"><span id="image-1307411" class="jw-ari ari-fix"><img src="http://paimages.prothom-alo.com/contents/cache/images/0x468x1/uploads/media/2018/06/20/d52cf35ddede0bd23f60919d27d2d7a1-5b2a44336f6c2.jpg" /></span></a></div>\r\n<div class="info">দুই দিনের সফরের শেষ দিনে চীন ত্যাগের আগে উত্তর কোরিয়ার নেতা কিম জং-উন ও তাঁর স্ত্রী রি সল-জু একটি অনুষ্ঠানে যোগ দেন। বেইজিং, ১৯ জুন। ছবি: এএফপি</div>\r\n</div>', 0, '2018-08-04 10:42:39', '2018-08-04 10:42:39', NULL),
(2, 1, 'তিন সিটির নির্বাচন', 'http://notunshomoy.test/uploads/shares/Goals_ceo-2018-08-04-16-21-52.jpg', '<div class="pop-each" data-image="1358576">\r\n<div class="info"><br />\r\n<div class="share_group">&nbsp;</div>\r\n</div>\r\n</div>\r\n<div class="pop-each" data-image="1358591">\r\n<div class="photo"><em id="gallery-image-1358591" class="fake_ha"></em><a class="jw_media_holder media_image alignfull pop-media-holder pop-active"><span id="image-1358591" class="jw-ari ari-fix"><img src="http://paimages.prothom-alo.com/contents/cache/images/0x468x1/uploads/media/2018/07/30/f4de283c8842f428194cc359d982bba4-5b5ec34e3cba2.jpg" /></span></a></div>\r\n<div class="info">সিলেটে রায়নগর সরকারি প্রাথমিক বিদ্যালয় ভোটকেন্দ্রের সামনে বিজিবির টহল। ঝেরঝেরীপাড়া, সিলেট, ৩০ জুলাই। ছবি: আবদুস সালাম\r\n<div class="share_group">&nbsp;</div>\r\n</div>\r\n</div>\r\n<div class="pop-each" data-image="1358581">\r\n<div class="photo"><em id="gallery-image-1358581" class="fake_ha"></em><a class="jw_media_holder media_image alignfull pop-media-holder pop-active"><span id="image-1358581" class="jw-ari ari-fix"><img src="http://paimages.prothom-alo.com/contents/cache/images/0x468x1/uploads/media/2018/07/30/fda4a8071e3fed52128b60768fb2b607-5b5ec34e337b7.jpg" /></span></a></div>\r\n<div class="info">সকালের দিকে সিলেটে ভোটকেন্দ্রগুলোতে ছিল নারী ভোটারদের সরব উপস্থিতি। তেরো রতন সরকারি প্রাথমিক বিদ্যালয়, উপশহর, সিলেট, ৩০ জুলাই। ছবি: শুভ্র কান্তি দাশ\r\n<div class="share_group">&nbsp;</div>\r\n</div>\r\n</div>\r\n<div class="pop-each" data-image="1358561">\r\n<div class="photo"><em id="gallery-image-1358561" class="fake_ha"></em><a class="jw_media_holder media_image alignfull pop-media-holder pop-active"><span id="image-1358561" class="jw-ari ari-fix"><img src="http://paimages.prothom-alo.com/contents/cache/images/0x468x1/uploads/media/2018/07/30/f1d19bc0c1ef59e07a46860a7749196e-5b5ec34dab988.jpg" /></span></a></div>\r\n<div class="info">সিলেট রেলওয়ে সরকারি প্রাথমিক বিদ্যালয় ভোটকেন্দ্রে দরজা বন্ধ করে ব্যালট পেপারে সিল মারছিল একদল তরুণ। পরে পুলিশ দরজা ভেঙে তাদের আটক করে। সিলেট, ৩০ জুলাই। ছবি: আবদুস সালাম\r\n<div class="share_group">&nbsp;</div>\r\n</div>\r\n</div>\r\n<div class="pop-each" data-image="1358551">\r\n<div class="photo"><em id="gallery-image-1358551" class="fake_ha"></em><a class="jw_media_holder media_image alignfull pop-media-holder pop-active"><span id="image-1358551" class="jw-ari ari-fix"><img src="http://paimages.prothom-alo.com/contents/cache/images/0x468x1/uploads/media/2018/07/30/5aa7a8e681695d0ea0fa700aadca9a90-5b5ec34d66df6.jpg" /></span></a></div>\r\n<div class="info">সিলেটে রায়নগর সরকারি প্রাথমিক বিদ্যালয় ভোটকেন্দ্রে ভোট দিয়েছেন বিএনপির মেয়র প্রার্থী আরিফুল হক চৌধুরী। নানা অভিযোগ থাকলেও শেষ পর্যন্ত নির্বাচনী মাঠে থাকার প্রত্যয় ব্যক্ত করেছেন তিনি। ঝেরঝেরীপাড়া, সিলেট, ৩০ জুলাই। ছবি: আবদুস সালাম\r\n<div class="share_group">&nbsp;</div>\r\n</div>\r\n</div>\r\n<div class="pop-each" data-image="1358586">\r\n<div class="photo"><em id="gallery-image-1358586" class="fake_ha"></em><a class="jw_media_holder media_image alignfull pop-media-holder pop-active"><span id="image-1358586" class="jw-ari ari-fix"><img src="http://paimages.prothom-alo.com/contents/cache/images/0x468x1/uploads/media/2018/07/30/e73b0afd26ebcfc29f0d77bfd40d1e6f-5b5ec34e36deb.JPG" /></span></a></div>\r\n<div class="info">স&zwnj;িলেট সিটি করপোরেশন নির্বাচনে আওয়ামী লীগের প্রার্থী বদরউদ্দিন আহমদ কামরান নগরের কালীঘাট এলাকায় সরকারি পাইলট স্কুল ভোটকেন্দ্রে ভোট দেন। ফলাফল যা-ই হোক, তা মেনে নেওয়ার প্রতিশ্রুতি দেন তিনি। সকাল পৌনে নয়টা। ছবি: আনিস মাহমুদ\r\n<div class="share_group">&nbsp;</div>\r\n</div>\r\n</div>\r\n<div class="pop-each" data-image="1358481">\r\n<div class="photo"><em id="gallery-image-1358481" class="fake_ha"></em><a class="jw_media_holder media_image alignfull pop-media-holder pop-active"><span id="image-1358481" class="jw-ari ari-fix"><img src="http://paimages.prothom-alo.com/contents/cache/images/0x468x1/uploads/media/2018/07/30/0d1a0d2d825ed4ddd8a6dfbc1a6836fa-5b5eb945d4f22.jpg" /></span></a></div>\r\n<div class="info">সিলেট সিটি করপোরেশন নির্বাচনে ১৮ নম্বর ওয়ার্ডের একটি কেন্দ্রে কাউন্সিলর পদে দুই প্রার্থীর কর্মীদের উত্তেজনায় পৌনে এক ঘণ্টা ভোট নেওয়া বন্ধ থাকে। আওয়ামী লীগ-সমর্থিত প্রার্থীর পক্ষে ব্যালট পেপার ছিনিয়ে নিয়ে ভোট দেওয়ার অভিযোগ উঠেছে। এমনকি ব্যালট পেপার ছেঁড়া অবস্থায় পড়ে থাকতে দেখা যায়। ছবি: শুভ্র কান্তি দাস\r\n<div class="share_group">&nbsp;</div>\r\n</div>\r\n</div>\r\n<div class="pop-each" data-image="1358566">\r\n<div class="photo"><em id="gallery-image-1358566" class="fake_ha"></em><a class="jw_media_holder media_image alignfull pop-media-holder pop-active"><span id="image-1358566" class="jw-ari ari-fix"><img src="http://paimages.prothom-alo.com/contents/cache/images/0x468x1/uploads/media/2018/07/30/2efa3476caa3b038a7347365ab149559-5b5ec34dc53d5.JPG" /></span></a></div>\r\n<div class="info">রাজশাহী সিটি করপোরেশন নির্বাচনে ভোট দেওয়ার পর সাংবাদিকদের কাছে জয়ের ব্যাপারে আশাবাদ ব্যক্ত করেন আওয়ামী লীগের মেয়র প্রার্থী এ এইচ এম খায়রুজ্জামান লিটন। রাজশাহীর স্যাটেলাইট টাউন হাইস্কুল কেন্দ্র, রাজশাহী, ৩০ জুলাই। ছবি: দীপু মালাকার\r\n<div class="share_group">&nbsp;</div>\r\n</div>\r\n</div>\r\n<div class="pop-each" data-image="1358461">\r\n<div class="photo"><em id="gallery-image-1358461" class="fake_ha"></em><a class="jw_media_holder media_image alignfull pop-media-holder pop-active"><span id="image-1358461" class="jw-ari ari-fix"><img src="http://paimages.prothom-alo.com/contents/cache/images/0x468x1/uploads/media/2018/07/30/fbe5c33a7ecb8d95ba3e836324ee805e-5b5eb54531b5d.gif" /></span></a></div>\r\n<div class="info">রাজশাহী সিটি করপোরেশন নির্বাচনে বিএনপির মেয়র প্রার্থী মোসাদ্দেক হোসেন বুলবুল প্রিসাইডিং কর্মকর্তার কাছে ইসলামীয়া ভোটকেন্দ্রের ব্যালটের হিসাব চেয়েছেন। তাঁর অভিযোগ-ওই কেন্দ্রে মেয়র প্রার্থীর ব্যালট শেষ হয়ে গেছে। এই অভিযোগে তিনি কেন্দ্রের বাইরে অবস্থান নেন। ছবি: শিশির মোড়ল\r\n<div class="share_group">&nbsp;</div>\r\n</div>\r\n</div>\r\n<div class="pop-each" data-image="1358546">\r\n<div class="photo"><em id="gallery-image-1358546" class="fake_ha"></em><a class="jw_media_holder media_image alignfull pop-media-holder pop-active"><span id="image-1358546" class="jw-ari ari-fix"><img src="http://paimages.prothom-alo.com/contents/cache/images/0x468x1/uploads/media/2018/07/30/a7bb8db76d42e2d6b187f6c7910a1258-5b5ec34d629ed.jpeg" /></span></a></div>\r\n<div class="info">ভোট দিচ্ছেন বরিশালের বিএনপির মেয়র প্রার্থী মজিবর রহমান সরওয়ার। সকালে তিনি এই কেন্দ্রের একটি বুথে ভোট দিতে নিজের ভোটার নম্বর বলতে পারায় ফিরে আসতে হয়েছিল। পরে ভোটার নম্বর সংগ্রহ করে ঠিক বুথে গিয়ে ভোট দেন। পরে অবশ্য তিনি নানা অনিয়মের অভিযোগ তুলে নির্বাচন বর্জন করেন। সৈয়দা মজিদুন্নেসা মাধ্যমিক বিদ্যালয় কেন্দ্র। ছবি: সাইফুল ইসলাম\r\n<div class="share_group">&nbsp;</div>\r\n</div>\r\n</div>\r\n<div class="pop-each" data-image="1358556">\r\n<div class="photo"><em id="gallery-image-1358556" class="fake_ha"></em><a class="jw_media_holder media_image alignfull pop-media-holder pop-active"><span id="image-1358556" class="jw-ari ari-fix"><img src="http://paimages.prothom-alo.com/contents/cache/images/0x468x1/uploads/media/2018/07/30/dcbeaaa941c1541115dae903661883ef-5b5ec34d9f4da.jpg" /></span></a></div>\r\n<div class="info">বরিশালে ভোট দেওয়ার পর বিজয়ের ব্যাপারে আশাবাদী হয়ে &lsquo;ভি&rsquo; চিহ্ন দেখান আওয়ামী লীগের মেয়র প্রার্থী সেরনিয়াবাত সাদিক আবদুল্লাহ। নগরের বরিশাল কলেজ কেন্দ্র, ৩০ জুলাই। ছবি: সাইয়ান\r\n<div class="share_group">&nbsp;</div>\r\n</div>\r\n</div>\r\n<div class="pop-each" data-image="1358571">\r\n<div class="photo"><em id="gallery-image-1358571" class="fake_ha"></em><a class="jw_media_holder media_image alignfull pop-media-holder pop-active"><span id="image-1358571" class="jw-ari ari-fix"><img src="http://paimages.prothom-alo.com/contents/cache/images/0x468x1/uploads/media/2018/07/30/fa8bcff9e84d2f2c3d54ab37f071ea78-5b5ec34de9f90.jpeg" /></span></a></div>\r\n<div class="info">বরিশালে বিএনপির মেয়র প্রার্থী মজিবর রহমান সরওয়ার ভোট দিতে বেশি সময় নিলে কেন্দ্রের বাইরে উত্তেজনার সৃষ্টি করে আওয়ামী লীগ প্রার্থীর সমর্থকেরা। সৈয়দা মজিদুন্নেছা মাধ্যমিক বিদ্যালয়। ছবি: সাইফুল ইসলাম\r\n<div class="share_group">&nbsp;</div>\r\n</div>\r\n</div>\r\n<div class="pop-each" data-image="1358786">\r\n<div class="photo"><em id="gallery-image-1358786" class="fake_ha"></em><a class="jw_media_holder media_image alignfull pop-media-holder pop-active"><span id="image-1358786" class="jw-ari ari-fix"><img src="http://paimages.prothom-alo.com/contents/cache/images/0x468x1/uploads/media/2018/07/30/133d7d4da6bbaab1ac1acee6a3f894ff-5b5ee721b1b57.JPG" /></span></a></div>\r\n<div class="info">বরিশাল সিটি করপোরেশন নির্বাচনে ১৪নং ওয়ার্ডে দুই সাধারণ কাউন্সিলর প্রার্থীর সমর্থকদের মধ্যে সকালে হাতাহাতির ঘটনা ঘটে। নগরের ফারিহা কমিউনিটি সেন্টার ভোট কেন্দ্র, ৩০ জুলাই। ছবি: সাইয়ান\r\n<div class="share_group">&nbsp;</div>\r\n</div>\r\n</div>\r\n<div class="pop-each" data-image="1358781">\r\n<div class="photo"><em id="gallery-image-1358781" class="fake_ha"></em><a class="jw_media_holder media_image alignfull pop-media-holder pop-active"><span id="image-1358781" class="jw-ari ari-fix"><img src="http://paimages.prothom-alo.com/contents/cache/images/0x468x1/uploads/media/2018/07/30/4d4137095d85b21c3846d9b13442730c-5b5ee7061ad47.jpg" /></span></a></div>\r\n<div class="info">বরিশাল সিটি করপোরেশন নির্বাচনে ইভিএম পদ্ধতির মাধ্যমে ভোট দিচ্ছেন একজন ভোটার। ব্রজমোহন কলেজ কেন্দ্র, বরিশাল নগর, ৩০ জুলাই। ছবি: সাইয়ান\r\n<div class="share_group">&nbsp;</div>\r\n</div>\r\n</div>', 0, '2018-08-04 10:44:17', '2018-08-04 10:44:17', NULL);

-- --------------------------------------------------------

--
-- Table structure for table `polls`
--

CREATE TABLE IF NOT EXISTS `polls` (
  `id` int(10) unsigned NOT NULL AUTO_INCREMENT,
  `user_id` int(10) unsigned NOT NULL,
  `question` varchar(255) COLLATE utf8_unicode_ci NOT NULL,
  `start_date` date NOT NULL,
  `end_date` date NOT NULL,
  `created_at` timestamp NULL DEFAULT NULL,
  `updated_at` timestamp NULL DEFAULT NULL,
  PRIMARY KEY (`id`),
  KEY `polls_user_id_index` (`user_id`)
) ENGINE=MyISAM DEFAULT CHARSET=utf8 COLLATE=utf8_unicode_ci AUTO_INCREMENT=1 ;

-- --------------------------------------------------------

--
-- Table structure for table `poll_choices`
--

CREATE TABLE IF NOT EXISTS `poll_choices` (
  `id` int(10) unsigned NOT NULL AUTO_INCREMENT,
  `poll_id` int(10) unsigned NOT NULL,
  `poll_answer` varchar(255) COLLATE utf8_unicode_ci NOT NULL,
  `created_at` timestamp NULL DEFAULT NULL,
  `updated_at` timestamp NULL DEFAULT NULL,
  PRIMARY KEY (`id`),
  KEY `poll_choices_poll_id_index` (`poll_id`)
) ENGINE=MyISAM DEFAULT CHARSET=utf8 COLLATE=utf8_unicode_ci AUTO_INCREMENT=1 ;

-- --------------------------------------------------------

--
-- Table structure for table `posts`
--

CREATE TABLE IF NOT EXISTS `posts` (
  `id` int(10) unsigned NOT NULL AUTO_INCREMENT,
  `user_id` int(10) unsigned NOT NULL,
  `publisher_name` varchar(255) COLLATE utf8_unicode_ci DEFAULT NULL,
  `headline` varchar(255) COLLATE utf8_unicode_ci NOT NULL,
  `single_page_headline` varchar(255) COLLATE utf8_unicode_ci DEFAULT NULL,
  `sub_headline` varchar(255) COLLATE utf8_unicode_ci DEFAULT NULL,
  `slug` varchar(255) COLLATE utf8_unicode_ci NOT NULL,
  `excerpt` varchar(225) COLLATE utf8_unicode_ci DEFAULT NULL,
  `facebook_description` varchar(225) COLLATE utf8_unicode_ci DEFAULT NULL,
  `post_content` text COLLATE utf8_unicode_ci NOT NULL,
  `featured_image` varchar(255) COLLATE utf8_unicode_ci DEFAULT NULL,
  `sticky` tinyint(4) NOT NULL DEFAULT '0',
  `post_status` tinyint(4) NOT NULL DEFAULT '0',
  `show_user_photo` tinyint(4) NOT NULL DEFAULT '0',
  `created_at` timestamp NULL DEFAULT NULL,
  `updated_at` timestamp NULL DEFAULT NULL,
  `last_update_by` int(10) unsigned DEFAULT NULL,
  `last_update` timestamp NULL DEFAULT NULL,
  `view_count` int(11) NOT NULL DEFAULT '0',
  PRIMARY KEY (`id`),
  KEY `posts_user_id_index` (`user_id`),
  KEY `posts_last_update_by_index` (`last_update_by`)
) ENGINE=MyISAM  DEFAULT CHARSET=utf8 COLLATE=utf8_unicode_ci AUTO_INCREMENT=8 ;

--
-- Dumping data for table `posts`
--

INSERT INTO `posts` (`id`, `user_id`, `publisher_name`, `headline`, `single_page_headline`, `sub_headline`, `slug`, `excerpt`, `facebook_description`, `post_content`, `featured_image`, `sticky`, `post_status`, `show_user_photo`, `created_at`, `updated_at`, `last_update_by`, `last_update`, `view_count`) VALUES
(3, 1, 'shihab', '‘উই ওয়ান্ট জাস্টিস’', '‘উই ওয়ান্ট জাস্টিস’', 'ঢাকার বিমানবন্দর সড়কে গত রোববার জাবালে নূর পরিবহনের একটি বাসের চাপায় শহীদ রমিজ উদ্দিন ক্যান্টনমেন্ট কলেজের দুই শিক্ষার্থী নিহত হওয়ার ঘটনায় আজ বৃহস্পতিবারও পথে নেমেছে শিক্ষার্থীরা।', 'উই-ওয়ান্ট-জাস্টিস', 'ঢাকার বিমানবন্দর সড়কে গত রোববার জাবালে নূর পরিবহনের একটি বাসের চাপায় শহীদ রমিজ উদ্দিন ক্যান্টনমেন্ট কলেজের দুই শিক্ষার্থী নিহত হওয়ার ঘটনায় আজ বৃহস্পতিবারও পথে নেমেছে শিক্ষার্থীরা।', 'ঢাকার বিমানবন্দর সড়কে গত রোববার জাবালে নূর পরিবহনের একটি বাসের চাপায় শহীদ রমিজ উদ্দিন ক্যান্টনমেন্ট কলেজের দুই শিক্ষার্থী নিহত হওয়ার ঘটনায় আজ বৃহস্পতিবারও পথে নেমেছে শিক্ষার্থীরা।', '<div class="">\r\n<p>ঢাকার বিমানবন্দর সড়কে গত রোববার জাবালে নূর পরিবহনের একটি বাসের চাপায় শহীদ রমিজ উদ্দিন ক্যান্টনমেন্ট কলেজের দুই শিক্ষার্থী নিহত হওয়ার ঘটনায় আজ বৃহস্পতিবারও পথে নেমেছে শিক্ষার্থীরা। নিরাপদ সড়কের দাবিতে চার দিন ধরে ঢাকাসহ দেশের বিভিন্ন জায়গায় শিক্ষার্থীরা রাস্তায় অবস্থান করছে। চলছে গাড়িচালকের লাইসেন্স পরীক্ষা। শিক্ষার্থীদের মুখে মুখে স্লোগান&mdash;&lsquo;উই ওয়ান্ট জাস্টিস&rsquo;।</p>\r\n<p><a class="jw_media_holder media_image jwMediaContent alignfull pop-media-holder pop-active"><span id="image-1361681" class="jw-ari ari-fix"><img src="http://paimages.prothom-alo.com/contents/cache/images/640x425x1/uploads/media/2018/08/02/b96eb13bc4a3fae110006911e6ad3e71-5b62c95524620.JPG" alt="ঢাকার সায়েন্স ল্যাবরেটরি মোড়ে বিভিন্ন স্কুল-কলেজের শিক্ষার্থীরা। মুখে স্লোগান, হাতে দাবি তুলে ধরা প্ল্যাকার্ড। ছবি: দীপু মালাকার" /></span></a></p>\r\n<p><a class="jw_media_holder media_image jwMediaContent alignfull pop-media-holder pop-active"><span class="jw_media_caption"><span class="tt">ঢাকার সায়েন্স ল্যাবরেটরি মোড়ে বিভিন্ন স্কুল-কলেজের শিক্ষার্থীরা। মুখে স্লোগান, হাতে দাবি তুলে ধরা প্ল্যাকার্ড। ছবি: দীপু মালাকার</span></span></a></p>\r\n<p><a class="jw_media_holder media_image jwMediaContent alignfull pop-media-holder pop-active"><span id="image-1361721" class="jw-ari ari-fix"><img src="http://paimages.prothom-alo.com/contents/cache/images/640x425x1/uploads/media/2018/08/02/92f9141a947aed9325bbfd7d77b54929-5b62c95d4d1d8.JPG" alt="বৃষ্টির মধ্যেও শিক্ষার্থীদের অনড় অবস্থান। সায়েন্স ল্যাব মোড়। ছবি: দীপু মালাকার" /></span></a></p>\r\n<p><a class="jw_media_holder media_image jwMediaContent alignfull pop-media-holder pop-active"><span class="jw_media_caption"><span class="tt">বৃষ্টির মধ্যেও শিক্ষার্থীদের অনড় অবস্থান। সায়েন্স ল্যাব মোড়। ছবি: দীপু মালাকার</span></span></a></p>\r\n<p><a class="jw_media_holder media_image jwMediaContent alignfull pop-media-holder pop-active"><span id="image-1361716" class="jw-ari ari-fix"><img src="http://paimages.prothom-alo.com/contents/cache/images/640x425x1/uploads/media/2018/08/02/3f12aae933ebaf7a3a29b0fd1f31e404-5b62c95c223d6.JPG" alt="আন্দোলনে ঢাকা বিশ্ববিদ্যালয়ের একদল শিক্ষার্থীর একাত্মতা প্রকাশ। শিক্ষার্থীদের আন্দোলনে যোগ দিয়েছে অন্যরাও। ছবি: দীপু মালাকার" /></span></a></p>\r\n<p><a class="jw_media_holder media_image jwMediaContent alignfull pop-media-holder pop-active"><span class="jw_media_caption"><span class="tt">আন্দোলনে ঢাকা বিশ্ববিদ্যালয়ের একদল শিক্ষার্থীর একাত্মতা প্রকাশ। শিক্ষার্থীদের আন্দোলনে যোগ দিয়েছে অন্যরাও। ছবি: দীপু মালাকার</span></span></a></p>\r\n<p><a class="jw_media_holder media_image jwMediaContent alignfull pop-media-holder pop-active"><span id="image-1361706" class="jw-ari ari-fix"><img src="http://paimages.prothom-alo.com/contents/cache/images/640x446x1/uploads/media/2018/08/02/d180b8ca020e3115ca93f872383f7363-5b62c9595843a.JPG" alt="চুয়াডাঙ্গায় রাস্তায় নেমে স্লোগান দিচ্ছে শিক্ষার্থীরা। ছবি: শাহ আলম" /></span></a></p>\r\n<p><a class="jw_media_holder media_image jwMediaContent alignfull pop-media-holder pop-active"><span class="jw_media_caption"><span class="tt">চুয়া</span></span></a><a class="jw_media_holder media_image jwMediaContent alignfull pop-media-holder pop-active"><span class="jw_media_caption"><span class="tt">ডাঙ্গায় রাস্তায় নেমে স্লোগান দিচ্ছে শিক্ষার্থীরা। ছবি: শাহ আলম</span></span></a><a class="jw_media_holder media_image jwMediaContent alignfull pop-media-holder pop-active"><span id="image-1361756" class="jw-ari ari-fix"><img src="http://paimages.prothom-alo.com/contents/cache/images/640x359x1/uploads/media/2018/08/02/572deba6b66f6ffead6a5b24e17a280e-5b62c9b7e91da.JPG" alt="নোয়াখালী শহরের টাউন হল মোড়ে শিক্ষার্থীরা। ছবি: মাহবুবুর রহমান" /></span></a></p>\r\n<p><a class="jw_media_holder media_image jwMediaContent alignfull pop-media-holder pop-active"><span class="jw_media_caption"><span class="tt">নোয়াখালী শহরের টাউন হল মোড়ে শিক্ষার্থীরা। ছবি: মাহবুবুর রহমান</span></span></a></p>\r\n<p><a class="jw_media_holder media_image jwMediaContent alignfull pop-media-holder pop-active"><span id="image-1361731" class="jw-ari ari-fix"><img src="http://paimages.prothom-alo.com/contents/cache/images/640x425x1/uploads/media/2018/08/02/ca41fb2805e86a1b8936e2360970da69-5b62c95f77159.jpg" alt="নিরাপদ সড়কের দাবিতে শাহবাগ মোড়ে শিক্ষার্থীদের অবস্থান। বিজিবি কর্মকর্তার এই গাড়িতেও চালকের ড্রাইভিং লাইসেন্স ছিল না। ছবি: আবদুস সালাম" /></span></a></p>\r\n<p><a class="jw_media_holder media_image jwMediaContent alignfull pop-media-holder pop-active"><span class="jw_media_caption"><span class="tt">নিরাপদ সড়কের দাবিতে শাহবাগ মোড়ে শিক্ষার্থীদের অবস্থান। বিজিবি কর্মকর্তার এই গাড়িতেও চালকের ড্রাইভিং লাইসেন্স ছিল না। ছবি: আবদুস সালাম</span></span></a></p>\r\n<p><a class="jw_media_holder media_image jwMediaContent alignfull pop-media-holder pop-active"><span id="image-1361746" class="jw-ari ari-fix"><img src="http://paimages.prothom-alo.com/contents/cache/images/640x425x1/uploads/media/2018/08/02/f4775313644501a4f7e1766289f87f87-5b62c96180a2a.JPG" alt="প্ল্যাকার্ডে তুলে ধরা হয়েছে শিক্ষার্থীদের দাবি। কুষ্টিয়া শহরের মজমপুর ট্রাফিক কার্যালয়ের সামনে থেকে তোলা। ছবি: তৌহিদী হাসান" /></span></a></p>\r\n<p><a class="jw_media_holder media_image jwMediaContent alignfull pop-media-holder pop-active"><span class="jw_media_caption"><span class="tt">প্ল্যাকার্ডে তুলে ধরা হয়েছে শিক্ষার্থীদের দাবি। কুষ্টিয়া শহরের মজমপুর ট্রাফিক কার্যালয়ের সামনে থেকে তোলা। ছবি: তৌহিদী হাসান</span></span></a></p>\r\n<p><a class="jw_media_holder media_image jwMediaContent alignfull pop-media-holder pop-active"><span id="image-1361691" class="jw-ari ari-fix"><img src="http://paimages.prothom-alo.com/contents/cache/images/640x479x1/uploads/media/2018/08/02/f25e50c35e079f31778c7ebb086faa21-5b62c956e83de.jpeg" alt="ব্রাহ্মণবাড়িয়াতেও চলছে বিক্ষোভ। প্রেসক্লাবের সামনে শিক্ষার্থীরা। ছবি: শাহাদৎ হোসেন।" /></span></a></p>\r\n<p><a class="jw_media_holder media_image jwMediaContent alignfull pop-media-holder pop-active"><span class="jw_media_caption"><span class="tt">ব্রাহ্মণবাড়িয়াতেও চলছে বিক্ষোভ। প্রেসক্লাবের সামনে শিক্ষার্থীরা। ছবি: শাহাদৎ হোসেন।</span></span></a></p>\r\n<p><a class="jw_media_holder media_image jwMediaContent alignfull pop-media-holder pop-active"><span id="image-1361686" class="jw-ari ari-fix"><img src="http://paimages.prothom-alo.com/contents/cache/images/640x425x1/uploads/media/2018/08/02/e43323ed85144dec57deb31330a81b22-5b62c956b44fe.jpg" alt="হাতে হাত ধরে চলছে দাবির পক্ষে অবস্থান। শাহবাগ, ঢাকা। ছবি: আবদুস সালাম" /></span></a></p>\r\n<p><a class="jw_media_holder media_image jwMediaContent alignfull pop-media-holder pop-active"><span class="jw_media_caption"><span class="tt">হাতে হাত ধরে চলছে দাবির পক্ষে অবস্থান। শাহবাগ, ঢাকা। ছবি: আবদুস সালাম</span></span></a></p>\r\n<p><a class="jw_media_holder media_image jwMediaContent alignfull pop-media-holder pop-active"><span id="image-1361726" class="jw-ari ari-fix"><img src="http://paimages.prothom-alo.com/contents/cache/images/640x425x1/uploads/media/2018/08/02/a4a625ddf0161c39c193e20e64f64b96-5b62c95daaf12.jpg" alt="চালকের ড্রাইভিং লাইসেন্স পরীক্ষা করছে শিক্ষার্থী। নিরাপদ সড়কের দাবিতে ঢাকার শাহবাগ মোড়ে অবস্থান নিয়েছে তারা। শাহবাগ, ঢাকা। ছবি: আবদুস সালাম" /></span></a></p>\r\n<p><a class="jw_media_holder media_image jwMediaContent alignfull pop-media-holder pop-active"><span class="jw_media_caption"><span class="tt">চালকের ড্রাইভিং লাইসেন্স পরীক্ষা করছে শিক্ষার্থী। নিরাপদ সড়কের দাবিতে ঢাকার শাহবাগ মোড়ে অবস্থান নিয়েছে তারা। শাহবাগ, ঢাকা। ছবি: আবদুস সালাম</span></span></a></p>\r\n<p><a class="jw_media_holder media_image jwMediaContent alignfull pop-media-holder pop-active"><span id="image-1361741" class="jw-ari ari-fix"><img src="http://paimages.prothom-alo.com/contents/cache/images/640x425x1/uploads/media/2018/08/02/7592ec2ded80191fda0e81b655c6b2b9-5b62c9615ef2d.jpg" alt="নিরাপদ সড়কের দাবিতে শাহবাগে অবস্থান নিয়ে স্লোগানমুখর শিক্ষার্থীরা। ছবি: আবদুস সালাম" /></span></a></p>\r\n<p><a class="jw_media_holder media_image jwMediaContent alignfull pop-media-holder pop-active"><span class="jw_media_caption"><span class="tt">নিরাপদ সড়কের দাবিতে শাহবাগে অবস্থান নিয়ে স্লোগানমুখর শিক্ষার্থীরা। ছবি: আবদুস সালাম</span></span></a></p>\r\n<p><a class="jw_media_holder media_image jwMediaContent alignfull pop-media-holder pop-active"><span id="image-1361696" class="jw-ari ari-fix"><img src="http://paimages.prothom-alo.com/contents/cache/images/640x359x1/uploads/media/2018/08/02/593ce4c066512c3f4404dfcc14af87bd-5b62c958d9af4.jpeg" alt="বৃষ্টির মধ্যেও তারা থেমে নেই। কাকরাইল মোড় ছিল এমনই। ছবি: সাইফুল ইসলাম" /></span></a></p>\r\n<p><a class="jw_media_holder media_image jwMediaContent alignfull pop-media-holder pop-active"><span class="jw_media_caption"><span class="tt">বৃষ্টির মধ্যেও তারা থেমে নেই। কাকরাইল মোড় ছিল এমনই। ছবি: সাইফুল ইসলাম</span></span></a></p>\r\n<p><a class="jw_media_holder media_image jwMediaContent alignfull pop-media-holder pop-active"><span id="image-1361711" class="jw-ari ari-fix"><img src="http://paimages.prothom-alo.com/contents/cache/images/640x425x1/uploads/media/2018/08/02/6b9f0cd75aa30c7d7cc09d477f3f8105-5b62c95a5a417.jpg" alt="ঢাকাসহ দেশের বিভিন্ন জায়গায় নিরাপদ সড়কের দাবিতে এ কর্মসূচি পালন করছে শিক্ষার্থীরা। রাজশাহীর জিরো পয়েন্টে স্লোগানমুখর শিক্ষার্থীরা। ছবি: শহীদুল ইসলাম" /></span></a></p>\r\n<p><a class="jw_media_holder media_image jwMediaContent alignfull pop-media-holder pop-active"><span class="jw_media_caption"><span class="tt">ঢাকাসহ দেশের বিভিন্ন জায়গায় নিরাপদ সড়কের দাবিতে এ কর্মসূচি পালন করছে শিক্ষার্থীরা। রাজশাহীর জিরো পয়েন্টে স্লোগানমুখর শিক্ষার্থীরা। ছবি: শহীদুল ইসলাম</span></span></a></p>\r\n<p><a class="jw_media_holder media_image jwMediaContent alignfull pop-media-holder pop-active"><span id="image-1361751" class="jw-ari ari-fix"><img src="http://paimages.prothom-alo.com/contents/cache/images/640x359x1/uploads/media/2018/08/02/83fd578b8981263d8af8b1d35e471f87-5b62c9b701b07.jpg" alt="নিরাপদ সড়কের দাবিতে দিনাজপুরে শিক্ষার্থীদের অবস্থান। ছবি: এ এস এম আলমগীর" /></span></a></p>\r\n<p><a class="jw_media_holder media_image jwMediaContent alignfull pop-media-holder pop-active"><span class="jw_media_caption"><span class="tt">নিরাপদ সড়কের দাবিতে দিনাজপুরে শিক্ষার্থীদের অবস্থান। ছবি: এ এস এম আলমগীর</span></span></a></p>\r\n<p><a class="jw_media_holder media_image jwMediaContent alignfull pop-media-holder pop-active"><span id="image-1361701" class="jw-ari ari-fix"><img src="http://paimages.prothom-alo.com/contents/cache/images/640x425x1/uploads/media/2018/08/02/d0d8c105ca842999fda5de050a677a34-5b62c95954905.JPG" alt="শিক্ষার্থীদের অবস্থানে ঢাকার বেশির ভাগ রাস্তা ছিল ফাঁকা। গণপরিবহন নেই বললেই চলে। শাহবাগ এলাকা, ঢাকা। ছবি: আবদুস সালাম" /></span></a></p>\r\n<p><a class="jw_media_holder media_image jwMediaContent alignfull pop-media-holder pop-active"><span class="jw_media_caption"><span class="tt">শিক্ষার্থীদের অবস্থানে ঢাকার বেশির ভাগ রাস্তা ছিল ফাঁকা। গণপরিবহন নেই বললেই চলে। শাহবাগ এলাকা, ঢাকা। ছবি: আবদুস সালাম</span></span></a><a class="jw_media_holder media_image jwMediaContent alignfull pop-media-holder pop-active"><span id="image-1361736" class="jw-ari ari-fix"><img src="http://paimages.prothom-alo.com/contents/cache/images/640x425x1/uploads/media/2018/08/02/32e5c9de4411c6c7ba00443f20f5caf2-5b62c96049c74.JPG" alt="সায়েন্স ল্যাব মোড়ে শিক্ষার্থীদের অবস্থান। ছবি: দীপু মালাকার" /></span></a></p>\r\n<p><a class="jw_media_holder media_image jwMediaContent alignfull pop-media-holder pop-active"><span class="jw_media_caption"><span class="tt">সায়েন্স ল্যাব মোড়ে শিক্ষার্থীদের অবস্থান। ছবি: দীপু মালাকার</span></span></a><a class="jw_media_holder media_image jwMediaContent alignfull pop-media-holder pop-active"><span id="image-1361806" class="jw-ari ari-fix"><img src="http://paimages.prothom-alo.com/contents/cache/images/640x359x1/uploads/media/2018/08/02/2bc0d9b1c4bb93524a7bbf3d98862bb2-5b62d2f26b26b.jpg" alt="কাজী নজরুল ইসলাম অ্যাভিনিউতে সার্ক ফোয়ারা মোড়ে ব্যারিকেড দিয়ে রাস্তা আটকে রাখে শিক্ষার্থীরা। সার্ক ফোয়ারা মোড়, ঢাকা, ২ আগস্ট। ছবি: জামিল খান" /></span></a></p>\r\n<p><a class="jw_media_holder media_image jwMediaContent alignfull pop-media-holder pop-active"><span class="jw_media_caption"><span class="tt">কাজী নজরুল ইসলাম অ্যাভিনিউতে সার্ক ফোয়ারা মোড়ে ব্যারিকেড দিয়ে রাস্তা আটকে রাখে শিক্ষার্থীরা। সার্ক ফোয়ারা মোড়, ঢাকা, ২ আগস্ট। ছবি: জামিল খান</span></span></a></p>\r\n</div>', 'http://notunshomoy.test/uploads/shares/b96eb13bc4a3fae110006911e6ad3e71-5b62c95524620-2018-08-04-16-20-11.JPG', 1, 1, 0, '2018-08-04 10:20:47', '2018-08-05 23:10:24', 1, '2018-08-05 18:14:18', 5),
(2, 1, 'shihab', 'প্রিমিয়ার লিগ খরচে আবারও ১০০ কোটি ছাড়াল!', 'সর্বোচ্চ খরচের রেকর্ড ভাঙতে আর কয়েকটা দিন সময় পাচ্ছে লিগের কুড়িটি ক্লাব', ' ইউরোপের ক্লাব ফুটবলে খরচে ইংলিশ প্রিমিয়ার লিগই শীর্ষে', 'প্রিমিয়ার-লিগ-খরচে-আবারও-১০০-কোটি-ছাড়াল', 'প্রাক-মৌসুম দলবদলে খরচে আবারও এক বিলিয়ন ইউরোর মাইলফলক ছাপিয়ে গেল ইংলিশ প্রিমিয়ার লিগের ক্লাবগুলো। সর্বোচ্চ খরচের রেকর্ড ভাঙতে আর কয়েকটা দিন সময় পাচ্ছে লিগের কুড়িটি ক্লাব', 'প্রাক-মৌসুম দলবদলে খরচে আবারও এক বিলিয়ন ইউরোর মাইলফলক ছাপিয়ে গেল ইংলিশ প্রিমিয়ার লিগের ক্লাবগুলো। সর্বোচ্চ খরচের রেকর্ড ভাঙতে আর কয়েকটা দিন সময় পাচ্ছে লিগের কুড়িটি ক্লাব', '<div class="left_part">\r\n<div class="col_in">\r\n<div class="additional_info_container">\r\n<div class="comment_and_like each_row do_not_print"><a class="mr10 mi_24x24 mi_24x24_zoomout jw_content_zoom_out" title="Zoom Out" data-container="jw_detail_content_holder">&nbsp;</a><a class="mr10 mi_24x24 mi_24x24_zoomin jw_content_zoom_in" title="Zoom In" data-container="jw_detail_content_holder">&nbsp;</a></div>\r\n<div class="each_row do_not_print">\r\n<div class="fb-save" data-uri="" data-size="large">&nbsp;</div>\r\n</div>\r\n</div>\r\n</div>\r\n</div>\r\n<div class="right_part">\r\n<div class="col_in">\r\n<article class="jw_detail_content_holder content mb16">\r\n<div class="">\r\n<p>&nbsp;</p>\r\n<p>&nbsp;</p>\r\n<div class="palo_web_news_div" style="text-align: justify;">প্রাক-মৌসুম দলবদলে খরচে আবারও এক বিলিয়ন ইউরোর মাইলফলক ছাপিয়ে গেল ইংলিশ প্রিমিয়ার লিগের ক্লাবগুলো। সর্বোচ্চ খরচের রেকর্ড ভাঙতে আর কয়েকটা দিন সময় পাচ্ছে লিগের কুড়িটি ক্লাব</div>\r\n<p style="text-align: justify;">ইউরোপিয়ান ফুটবলে জনপ্রিয়তা, প্রতিদ্বন্দ্বিতা আর যশ-খ্যাতিতে ইংলিশ প্রিমিয়ার লিগই শেষ কথা। দলবদলের বাজারে খরচেও তাদের ধারেকাছে আর কোনো লিগ নেই। গত চার মৌসুম ধরেই দলবদলের বাজারে খরচে একচ্ছত্র আধিপত্য ছিল প্রিমিয়ার লিগের। সেই ধারাটা এবারও ধরে রাখল তারা। এবার দিয়ে টানা পঞ্চম মৌসুম দলবদলের বাজারে খরচে ১ বিলিয়ন ইউরোর (১০০ কোটি) মাইলফলক টপকে গেছে প্রিমিয়ার লিগ।</p>\r\n<p style="text-align: left;">ইংলিশ ফুটবলে প্রাক-মৌসুম দলবদলের বাজারের মেয়াদ শেষ হতে এখনো ৫ দিন বাকি (৯ আগস্ট)। দলবদলের সময়টা আগের চেয়ে কমিয়ে আনা হয়েছে। কিন্তু তারপরও খেলোয়াড় কিনতে ক্লাবগুলোকে কাঁড়ি কাঁড়ি অর্থ খরচ থেকে বিরত রাখা যায়নি। গতকাল পর্যন্ত প্রিমিয়ার লিগের কুড়িটি ক্লাবের মোট খরচ ছিল ১ দশমিক ১০১ বিলিয়ন ইউরো। বাংলাদেশি মুদ্রায় অঙ্কটা রীতিমতো অবিশ্বাস্য&mdash;প্রায় ১০ হাজার ৭৭০ কোটি ৫১ লাখ ১১ হাজার টাকা!</p>\r\n<p style="text-align: justify;">খরচে এবারও প্রিমিয়ার লিগের ধারেকাছে আসতে পারেনি ইউরোপের বাকি শীর্ষস্থানীয় চারটি লিগ। তবে এই খরচের প্রতিযোগিতায় ইতালিয়ান সিরি আ&rsquo;র দুইয়ে উঠে আসা চমক&ndash;জাগানিয়া। যদিও সেখানে ক্রিস্টিয়ানো রোনালদোর দলবদলের ভূমিকা রয়েছে। গত মাসে ১০০ মিলিয়ন ইউরোর বেশি অর্থ খরচ করে রিয়াল মাদ্রিদ থেকে রোনালদোকে কিনেছে ইতালিয়ান ক্লাব জুভেন্টাস।</p>\r\n<p style="text-align: justify;">রোনালদোকে কেনার অঙ্কসহ গতকাল পর্যন্ত দলবদলের বাজারে সিরি আ ক্লাবগুলোর মোট খরচ ৯২৭ মিলিয়ন ইউরো। ৬৪৩ মিলিয়ন ইউরো খরচ করে তিনে লা লিগা, চতুর্থ বুন্দেসলিগার ক্লাবগুলোর খরচ ৪১৫ মিলিয়ন ইউরো। ৩৭৬ মিলিয়ন ইউরো খরচ করে পাঁচে ফ্রেঞ্চ লিগ ওয়ান।</p>\r\n<p style="text-align: justify;">দলবদলের গত মৌসুমে খরচের রেকর্ড গড়েছিল প্রিমিয়ার লিগের ক্লাবগুলো। সব কটি দল মিলে খরচ করেছিল ১ দশমিক ৬ বিলিয়ন ইউরো। রেকর্ডটি এবার ভেঙে ফেলতে আর কয়েকটা দিন সময় পাচ্ছে ক্লাবগুলো। বিশ্বের সবচেয়ে জনপ্রিয় এই লিগ ২০১৪ সালে সর্বপ্রথম এক বিলিয়ন ইউরো খরচের মাইলফলক ছুঁয়ে ফেলে।</p>\r\n</div>\r\n</article>\r\n</div>\r\n</div>', 'http://notunshomoy.test/uploads/shares/09892979f4c35e9c3a548bc9e5ccd6fa-5b656c563cb5f-2018-08-04-16-17-47.jpg', 1, 1, 1, '2018-08-04 10:18:05', '2018-08-05 22:50:39', 1, '2018-08-05 18:14:21', 5),
(4, 1, 'shihab', 'জিগাতলায় বিজিবি গেটের সামনে শিক্ষার্থীদের ওপর হামলা', 'জিগাতলায় বিজিবি গেটের সামনে শিক্ষার্থীদের ওপর হামলা', '', 'জিগাতলায়-বিজিবি-গেটের-সামনে-শিক্ষার্থীদের-ওপর-হামলা', 'রাজধানী ঢাকার জিগাতলায় বর্ডার গার্ড বাংলাদেশের (বিজিবি) গেটের সামনে শিক্ষার্থীদের ওপর লাঠি হাতে হামলা চালিয়েছে একদল যুবক। তারা কয়েক রাউন্ড ফাঁকা গুলিও ছুড়েছ। এই যুবকদের মাথায় হেলমেট ছিল।', 'রাজধানী ঢাকার জিগাতলায় বর্ডার গার্ড বাংলাদেশের (বিজিবি) গেটের সামনে শিক্ষার্থীদের ওপর লাঠি হাতে হামলা চালিয়েছে একদল যুবক। তারা কয়েক রাউন্ড ফাঁকা গুলিও ছুড়েছ। এই যুবকদের মাথায় হেলমেট ছিল।', '<div class="">\r\n<p>রাজধানী ঢাকার জিগাতলায় বর্ডার গার্ড বাংলাদেশের (বিজিবি) গেটের সামনে শিক্ষার্থীদের ওপর লাঠি হাতে হামলা চালিয়েছে একদল যুবক। তারা কয়েক রাউন্ড ফাঁকা গুলিও ছুড়েছ। এই যুবকদের মাথায় হেলমেট ছিল।</p>\r\n<p>এ সময় দুই পক্ষকে ইটপাটকেল ছুড়তে দেখা যায়। আজ শনিবার বেলা দুইটার দিকে এ ঘটনা ঘটে।</p>\r\n<p>সকাল থেকে ওই এলাকায় বিভিন্ন শিক্ষাপ্রতিষ্ঠানের শিক্ষার্থীরা জড়ো হতে শুরু করে। বেলা বাড়ার সঙ্গে সঙ্গে শিক্ষার্থীর সংখ্যা বাড়তে থাকে। হাজার হাজার শিক্ষার্থী সেখানে অবস্থান নেয়। বেলা দুইটার দিকে বিজিবি গেটের সামনে শত শত শিক্ষার্থীর একটি অংশের ওপর হঠাৎ করে হেলমেট পরা, লাঠি হাতে ২৫ থেকে ৩০ জনের একদল যুবক হামলা চালায়। ওই সময় বিজিবির সদস্যরা গেট থেকে সামনে এসে যুবকদের থামানোর চেষ্টা করেন। একপর্যায়ে শিক্ষার্থী ও হামলাকারীরা একে অপরের দিকে ইটপাটকেল ছোড়া শুরু করে।</p>\r\n<p>শিক্ষার্থীদের ওপর হামলার সময় সেখানে উপস্থিত পুলিশ সদস্যদের কোনো ভূমিকা নিতে দেখা যায়নি।</p>\r\n<p>সাড়ে সোয়া তিনটার দিকে সেখানে দায়িত্বপালনরত প্রথম আলোর প্রতিবেদকের মোবাইল ফোন কেড়ে নেয়। ফোন ফেরত চাইতে গেলে কয়েকজন যুবক প্রথম আলো প্রতিবেদককে বলেন, স্থানীয় আওয়ামী লীগ কার্যালয়ে গিয়ে তিনি নিয়ে আসতে পারেন। অবশ্য আধা ঘন্টা পর তারা ফোনটি ফেরত দিয়ে দেয়।</p>\r\n<p>গত ২৯ জুলাই রাজধানীর কুর্মিটোলা জেনারেল হাসপাতালের সামনে বিমানবন্দর সড়কে জাবালে নূর পরিবহন লিমিটেডের একটি বাসের চাপায় দুই শিক্ষার্থী নিহত হয়। ওই ঘটনার প্রতিবাদে সেদিন থেকেই শিক্ষার্থীরা রাজধানীর বিভিন্ন রাস্তায় অবস্থান কর্মসূচি পালন করে আসছে।</p>\r\n</div>', 'http://notunshomoy.test/uploads/shares/Goals_ceo-2018-08-04-16-21-52.jpg', 1, 1, 0, '2018-08-04 10:23:25', '2018-08-05 23:09:30', 1, '2018-08-05 18:14:16', 3);
INSERT INTO `posts` (`id`, `user_id`, `publisher_name`, `headline`, `single_page_headline`, `sub_headline`, `slug`, `excerpt`, `facebook_description`, `post_content`, `featured_image`, `sticky`, `post_status`, `show_user_photo`, `created_at`, `updated_at`, `last_update_by`, `last_update`, `view_count`) VALUES
(5, 1, 'asdas', 'শিক্ষার্থীরা সপ্তম দিনের মতো রাস্তায় নেমে এল', 'শিক্ষার্থীরা সপ্তম দিনের মতো রাস্তায় নেমে এল', '', 'শিক্ষার্থীরা-সপ্তম-দিনের-মতো-রাস্তায়-নেমে-এল', 'নিরাপদ সড়কের দাবিতে আজ শনিবারও ঢাকার বিভিন্ন রাস্তায় জড়ো হতে শুরু করেছে শিক্ষার্থীরা। আজ সপ্তম দিনের মতো রাস্তায় নেমেছে তারা। বিআরটিসির বাস ছাড়া রাস্তায় অন্য কোনো বাস চলতে দেখা যাচ্ছে না। ', 'নিরাপদ সড়কের দাবিতে আজ শনিবারও ঢাকার বিভিন্ন রাস্তায় জড়ো হতে শুরু করেছে শিক্ষার্থীরা। আজ সপ্তম দিনের মতো রাস্তায় নেমেছে তারা। বিআরটিসির বাস ছাড়া রাস্তায় অন্য কোনো বাস চলতে দেখা যাচ্ছে না। ', '<p>নিরাপদ সড়কের দাবিতে আজ শনিবারও ঢাকার বিভিন্ন রাস্তায় জড়ো হতে শুরু করেছে শিক্ষার্থীরা। আজ সপ্তম দিনের মতো রাস্তায় নেমেছে তারা। বিআরটিসির বাস ছাড়া রাস্তায় অন্য কোনো বাস চলতে দেখা যাচ্ছে না। অন্যান্য যানবাহন চলাচলও কম রয়েছে। কোনো কোনো রাস্তায় অ্যাম্বুলেন্স চলাচলের জন্য আজও জরুরি লেন করতে দেখা যায়। সিএনজিচালিত অটোরিকশা ও অন্যান্য যানবাহনকে আলাদা লেনে চলতে দেখা যায়।<a class="jw_media_holder media_image jwMediaContent alignfull pop-media-holder pop-active"><span id="image-1363741" class="jw-ari ari-fix"><img src="http://paimages.prothom-alo.com/contents/cache/images/640x359x1/uploads/media/2018/08/04/c298575d93390827aaa28c74334b5ef4-5b654c149c09c.jpg" alt="আসাদগেট মোড়ে শিক্ষার্থীদের অবস্থান। সকাল ১০টা ৫১ মিনিট, ঢাকা, ৪ আগস্ট। ছবি: সামছুর রহমান" /></span><span class="jw_media_caption"><span class="tt">আসাদগেট মোড়ে শিক্ষার্থীদের অবস্থান। সকাল ১০টা ৫১ মিনিট, ঢাকা, ৪ আগস্ট। ছবি: সামছুর রহমান</span></span></a>আজ সকাল ১০টা ৪০ মিনিটে উইলস লিটল ফ্লাওয়ার স্কুলের শিক্ষার্থীরা শান্তিনগর মোড়ে জড়ো হয়। শুরুতে সেখানে ২০ জনের মতো শিক্ষার্থীকে জড়ো হতে দেখা যায়। পরে শান্তিনগর মোড়ে ভিকারুননিসা নুন স্কুল অ্যান্ড কলেজের ছাত্রীসহ বিভিন্ন শিক্ষাপ্রতিষ্ঠানের শিক্ষার্থীরা অবস্থান নেয়। গত কয়েক দিনের মতো তারা যানবাহনের কাগজপত্র পরীক্ষা করছে ও সুশৃঙ্খলভাবে যান চলাচলের ব্যবস্থা করছে।</p>\r\n<p><a class="jw_media_holder media_image jwMediaContent alignfull pop-media-holder pop-active"><span id="image-1363751" class="jw-ari ari-fix"><img src="http://paimages.prothom-alo.com/contents/cache/images/640x359x1/uploads/media/2018/08/04/30a5cfe0ca48e0e46eefbfdf465c4d9d-5b654c1585f51.jpg" alt="ফাঁকা মানিক মিয়া অ্যাভিনিউয়ের সড়ক। সকাল ১০টা ৫৩ মিনিট, ঢাকা, ৪ আগস্ট। ছবি: সামছুর রহমান" /></span><span class="jw_media_caption"><span class="tt">ফাঁকা মানিক মিয়া অ্যাভিনিউয়ের সড়ক। সকাল ১০টা ৫৩ মিনিট, ঢাকা, ৪ আগস্ট। ছবি: সামছুর রহমান</span></span></a>সরকার দাবি মেনে নেওয়ার পরও কেন রাস্তায়&mdash;সেখানে কয়েক শিক্ষার্থীদের কাছে এই প্রশ্ন করা হলে তারা বলে, তারা দাবিগুলোর বাস্তবায়ন দেখতে চায়। বাস্তবায়ন হলেই তারা রাস্তা ছাড়বে। দূরের শিক্ষাপ্রতিষ্ঠানে পড়লেও এই এলাকার বাসিন্দা&mdash;এমন অনেক শিক্ষার্থীকেও মোড়ে অবস্থান নিতে দেখা যায়।<a class="jw_media_holder media_image jwMediaContent alignfull pop-media-holder pop-active"><span id="image-1363766" class="jw-ari ari-fix"><img src="http://paimages.prothom-alo.com/contents/cache/images/640x359x1/uploads/media/2018/08/04/4a56cda6bd3b814d92990841816f9cfd-5b654c222a0fc.jpg" alt="গাবতলী ঢুকতে লাইসেন্স যাচাই করছে পুলিশ। সকাল ১০টা ৫৮মিনিট, ঢাকা, ৪ আগস্ট। ছবি: রিয়াদুল করিম" /></span><span class="jw_media_caption"><span class="tt">গাবতলী ঢুকতে লাইসেন্স যাচাই করছে পুলিশ। সকাল ১০টা ৫৮মিনিট, ঢাকা, ৪ আগস্ট। ছবি: রিয়াদুল করিম</span></span></a>মৌচাকে রাজারবাগ পুলিশ লাইন স্কুলের শিক্ষার্থীরা রাস্তায় নেমে আসে। এদের বেশির ভাগই পুলিশ সদস্যদের সন্তান। এই প্রতিষ্ঠানে চতুর্থ শ্রেণিতে পড়া এক শিক্ষার্থীকে প্ল্যাকার্ড হাতে অন্য শিক্ষার্থীদের সঙ্গে দাঁড়িয়ে থাকতে দেখা যায়। সে জানায়, পাড়ার অন্য শিক্ষার্থীদের দেখে সেও এসেছে।</p>\r\n<p><a class="jw_media_holder media_image jwMediaContent alignfull pop-media-holder pop-active"><span id="image-1363601" class="jw-ari ari-fix"><img src="http://paimages.prothom-alo.com/contents/cache/images/640x358x1/uploads/media/2018/08/04/40b7961dff8c1869f74c4717d99ec3d3-5b6538485eedf.gif" alt="নিরাপদ সড়কের দাবিতে ঢাকার আসাদগেট মোড়ে শিক্ষার্থীদের অবস্থান। ৪ জুলাই। ছবি: দীপু মালাকার" /></span><span class="jw_media_caption"><span class="tt">নিরাপদ সড়কের দাবিতে ঢাকার আসাদগেট মোড়ে শিক্ষার্থীদের অবস্থান। ৪ জুলাই। ছবি: দীপু মালাকার</span></span></a>শিক্ষার্থীরা অবস্থান নেওয়ায় মগবাজার ওয়্যারলেসের সামনের দুই পাশের রাস্তা বন্ধ হয়ে যায়। মহাখালীতে বিএএফ শাহীন কলেজের শিক্ষার্থীদের যানবাহনের কাগজপত্র পরীক্ষা করতে দেখা যায়।<a class="jw_media_holder media_image jwMediaContent alignfull pop-media-holder pop-active"><span id="image-1363746" class="jw-ari ari-fix"><img src="http://paimages.prothom-alo.com/contents/cache/images/640x359x1/uploads/media/2018/08/04/f1d390deefcffa42ae4c26244d7db24e-5b654c1544d1e.jpg" alt="বৃষ্টির মধ্যেও সড়কে শিক্ষার্থীরা। সারিবদ্ধভাবে চলছে গাড়ি। রয়েছে ইমার্জেন্সি লাইন। ফার্মগেট, বেলা ১১টা ১১ মিনিট, ঢাকা, ৪ আগস্ট। ছবি: সামছুর রহমান" /></span><span class="jw_media_caption"><span class="tt">বৃষ্টির মধ্যেও সড়কে শিক্ষার্থীরা। সারিবদ্ধভাবে চলছে গাড়ি। রয়েছে ইমার্জেন্সি লাইন। ফার্মগেট, বেলা ১১টা ১১ মিনিট, ঢাকা, ৪ আগস্ট। ছবি: সামছুর রহমান</span></span></a> রামপুরা ব্রিজের কাছে শিক্ষার্থীরা অবস্থান নিলে রাস্তার এক পাশ বন্ধ হয়ে যায়। অন্য পাশ দিয়ে যানবাহন চলাচল করছে।</p>\r\n<p>বেলা পৌনে ১১টার দিকে বীরশ্রেষ্ঠ নূর মোহাম্মদ রাইফেলস পাবলিক স্কুল অ্যান্ড কলেজের শিক্ষার্থীরা জিগাতলা মোড়ে এসে জড়ো হয়। মালিবাগে আবুল হোটেলের সামনে অবস্থান নেয় একদল শিক্ষার্থী।</p>\r\n<p><a class="jw_media_holder media_image jwMediaContent alignfull pop-media-holder pop-active"><span id="image-1363756" class="jw-ari ari-fix"><img src="http://paimages.prothom-alo.com/contents/cache/images/640x359x1/uploads/media/2018/08/04/67f90f57698d1daf33a069517c0548ec-5b654c16c735f.jpg" alt="ধানমন্ডি ২৭ নম্বরে শিক্ষার্থীরা। বেলা ১১টা ১০ মিনিট, ঢাকা, ৪ আগস্ট। ছবি: সাদ্দাম হোসাইন" /></span><span class="jw_media_caption"><span class="tt">ধানমন্ডি ২৭ নম্বরে শিক্ষার্থীরা। বেলা ১১টা ১০ মিনিট, ঢাকা, ৪ আগস্ট। ছবি: সাদ্দাম হোসাইন</span></span></a></p>\r\n<p>মিরপুর ১০ নম্বর গোলচত্বরে আজও শিক্ষার্থীরা নিরাপদ সড়কের দাবিতে অবস্থান নিয়েছে। সকাল ১০টার পর তারা গোলচত্বরে হারুন মোল্লা ট্রাফিক কন্ট্রোল বক্সের সামনে অবস্থান নেয়। সড়কের চারপাশে শিক্ষার্থীরা বিভিন্ন ভাগে ভাগ হয়ে গাড়ির কাগজপত্র ও গাড়ির লাইসেন্স যাচাই-বাছাইয়ের কাজ শুরু করেছে। সময় বাড়ার সঙ্গে সঙ্গে সেখানে শিক্ষার্থীর সংখ্যা বাড়তে থাকে। একপর্যায়ে হাজার হাজার শিক্ষার্থী সেখানে জড়ো হলে যান চলাচল বন্ধ হয়ে যায়।<a class="jw_media_holder media_image jwMediaContent alignfull pop-media-holder pop-active"><span id="image-1363736" class="jw-ari ari-fix"><img src="http://paimages.prothom-alo.com/contents/cache/images/0x852x1/uploads/media/2018/08/04/ed3df8ee401be1799d986abd83982dea-5b654c13afe2b.jpeg" alt="শান্তিনগর মোড়ে ভিকারুননিসা নূন স্কুলসহ বিভিন্ন স্কুলের শিক্ষার্থীরা জড়ো হয়েছে। ঢাকা, ৪ আগস্ট। ছবি: মোশতাক আহমেদ" /></span><span class="jw_media_caption"><span class="tt">শান্তিনগর মোড়ে ভিকারুননিসা নূন স্কুলসহ বিভিন্ন স্কুলের শিক্ষার্থীরা জড়ো হয়েছে। ঢাকা, ৪ আগস্ট। ছবি: মোশতাক আহমেদ</span></span></a>মিরপুর ১৩ নম্বরে বাংলাদেশ সড়ক পরিবহন কর্তৃপক্ষের (বিআরটিএ) কার্যালয়ের কাছাকাছি শত শত শিক্ষার্থী কয়েকটি দলে ভাগ হয়ে বিভিন্ন পয়েন্টে ট্রাফিক নিয়ন্ত্রণ করছে। চালকের লাইসেন্স পরীক্ষাসহ যানবাহনের কাগজপত্র পরীক্ষা করতে দেখা যায় তাদের।সায়েন্স ল্যাব মোড়ে শত শত শিক্ষার্থী অবস্থান নিয়েছে। তারা সেখানে অ্যাম্বুলেন্সসহ জরুরি প্রয়োজনের গাড়িগুলোকে শুধু যেতে দিচ্ছে। মোড় থেকে বিভিন্ন রোডে যাওয়ার মুখগুলোয় ট্রাফিক নিয়ন্ত্রণ করছে শিক্ষার্থীরা।</p>\r\n<p>গণভবনের উল্টো পাশের রাস্তায় শিক্ষার্থীরা জড়ো হয়েছে।<a class="jw_media_holder media_image jwMediaContent alignfull pop-media-holder pop-active"><span id="image-1363611" class="jw-ari ari-fix"><img src="http://paimages.prothom-alo.com/contents/cache/images/640x359x1/uploads/media/2018/08/04/2497d38bb991592152bb5cc2296e642f-5b653959962f1.gif" alt="আসাদগেট মোড়ের জড়ো হয়েছে শিক্ষার্থীরা। ছবি: দীপু মালাকার" /></span><span class="jw_media_caption"><span class="tt">আসাদগেট মোড়ের জড়ো হয়েছে শিক্ষার্থীরা। ছবি: দীপু মালাকার</span></span></a>ঢাকার রাস্তায় বাস নেই। রাজধানীর কোনো আন্তজেলা বাস টার্মিনাল থেকে বাস ছাড়া হচ্ছে না। বাসমালিক ও পরিবহনশ্রমিকেরা বলছেন, নিরাপত্তার কথা ভেবে তাঁরা বাস বের করছেন না। সর্বশেষ গতকাল শুক্রবার সন্ধ্যা থেকে রাত ১২টা পর্যন্ত কিছু গাড়ি চলাচল করতে দেখা যায়। এরপর থেকে বাস চলাচল পুরোপুরি বন্ধ করে দিয়েছেন পরিবহন খাতের মালিক ও শ্রমিকেরা।</p>\r\n<p>জুরাইন মোড়ে সব বাস চলাচল বন্ধ রেখেছেন শ্রমিকেরা। ঢাকার বিভিন্ন সড়কে বিআরটিসি ছাড়া কোনো বাস চলতে দেখা যায়নি। তবে কোনো কোনো সড়কে কোনো যানবাহন চলতেই দেখা যায়নি।<a class="jw_media_holder media_image jwMediaContent alignfull pop-media-holder pop-active"><span id="image-1363606" class="jw-ari ari-fix"><img src="http://paimages.prothom-alo.com/contents/cache/images/640x359x1/uploads/media/2018/08/04/390e89cb94b66504028a26fc4c677a1f-5b65395811db8.gif" alt="আসাদগেট মোড়ে যানবাহন নিয়ন্ত্রণ করছে শিক্ষার্থীরা। ছবি: দীপু মালাকার" /></span><span class="jw_media_caption"><span class="tt">আসাদগেট মোড়ে যানবাহন নিয়ন্ত্রণ করছে শিক্ষার্থীরা। ছবি: দীপু মালাকার</span></span></a>বিভিন্ন সড়কে শিক্ষার্থীদের পাশাপাশি যানবাহনের লাইসেন্স পরীক্ষা করতে দেখা যায় পুলিশকে।</p>\r\n<p><a class="jw_media_holder media_image jwMediaContent alignfull pop-media-holder pop-active"><span id="image-1363891" class="jw-ari ari-fix"><img src="http://paimages.prothom-alo.com/contents/cache/images/640x358x1/uploads/media/2018/08/04/68f9a05206ea06fa9b0fbddbc30c573a-5b655a5ce183b.jpg" alt="ঢাকার মিরপুরে শিক্ষার্থীদের অবস্থান। ছবি: কমল জোহা খান" /></span><span class="jw_media_caption"><span class="tt">ঢাকার মিরপুরে শিক্ষার্থীদের অবস্থান। ছবি: কমল জোহা খান</span></span></a>গত ২৯ জুলাই রাজধানীর কুর্মিটোলা জেনারেল হাসপাতালের সামনে বিমানবন্দর সড়কে জাবালে নূর পরিবহন লিমিটেডের একটি বাসের চাপায় দুই শিক্ষার্থী নিহত হয়। ওই ঘটনার প্রতিবাদে সেদিন থেকেই শিক্ষার্থীরা রাজধানীর বিভিন্ন সড়কে অবস্থান নেয়।</p>', 'http://notunshomoy.test/uploads/shares/Goals_ceo-2018-08-04-16-21-52.jpg', 0, 1, 0, '2018-08-04 10:25:36', '2018-08-05 23:09:29', 1, '2018-08-05 18:14:13', 3),
(6, 1, 'shihab', 'শক্তির উদ্বোধন', 'শক্তির উদ্বোধন', '', 'শক্তির-উদ্বোধন', 'আনিসুজ্জামান, জাতীয় অধ্যাপকএকবিংশ শতাব্দীর বাংলাদেশে সাধারণজনের শক্তির উদ্বোধন আমরা প্রথম প্রত্যক্ষ করি গণজাগরণ মঞ্চে। আন্তর্জাতিক অপরাধ ট্রাইব্যুনালে যখন একাত্তরের ঘাতকদের বিচার চলছে এবং দু-একটা রায় বের হতে শুরু হয়েছে, তখন ক', 'আনিসুজ্জামান, জাতীয় অধ্যাপকএকবিংশ শতাব্দীর বাংলাদেশে সাধারণজনের শক্তির উদ্বোধন আমরা প্রথম প্রত্যক্ষ করি গণজাগরণ মঞ্চে। আন্তর্জাতিক অপরাধ ট্রাইব্যুনালে যখন একাত্তরের ঘাতকদের বিচার চলছে এবং দু-একটা রায় বের হতে শুরু হয়েছে, তখন ক', '<div class="spacer mb24">&nbsp;</div>\r\n<div class="row detail_holder">\r\n<div class="left_part">\r\n<div class="col_in">\r\n<div class="additional_info_container">&nbsp;</div>\r\n</div>\r\n</div>\r\n<div class="right_part">\r\n<div class="col_in">\r\n<article class="jw_detail_content_holder content mb16">\r\n<div class="">\r\n<p><a class="jw_media_holder media_image jwMediaContent alignleft pop-media-holder pop-active"><span id="image-1363571" class="jw-ari ari-fix"><img style="float: left;" src="http://paimages.prothom-alo.com/contents/cache/images/0x359x1/uploads/media/2018/08/04/d8e53e0e4a2a36ec0c1e3a2482a03744-5b65332553d88.gif" alt="আনিসুজ্জামান, জাতীয় অধ্যাপক" /></span><span class="jw_media_caption"><span class="tt">আনিসুজ্জামান, জাতীয় অধ্যাপক</span></span></a>একবিংশ শতাব্দীর বাংলাদেশে সাধারণজনের শক্তির উদ্বোধন আমরা প্রথম প্রত্যক্ষ করি গণজাগরণ মঞ্চে। আন্তর্জাতিক অপরাধ ট্রাইব্যুনালে যখন একাত্তরের ঘাতকদের বিচার চলছে এবং দু-একটা রায় বের হতে শুরু হয়েছে, তখন কোনো পূর্বপ্রস্তুতি ছাড়াই কিছু যুবক শাহবাগের মোড়ে জড়ো হয়ে স্লোগান দিতে শুরু করল অপরাধীদের ফাঁসির দাবি তুলে। দেখতে না দেখতে সে জমায়েত শাহবাগ ছাপিয়ে উপচে পড়ল, ছড়িয়ে গেল সারা বাংলাদেশে। তাদের সহায়তায় এগিয়ে এলেন অনেকে। কেউ পানি নিয়ে, কেউ খাবার নিয়ে এলেন, ফুল নিয়ে এলেন, তাদের অভিভাবকের বয়সীরাও তাদের সঙ্গে যোগ দিলেন। ঢাকা ক্লাবের এক অরাজনৈতিক সদস্যকে দেখলাম, শ দুই প্যাকেট খাবার তুলছেন তাঁর গাড়িতে, নিজের হাতে সে খাবার গণজাগরণ মঞ্চে পৌঁছে দেবেন বলে। পশ্চিমবঙ্গ ও আসাম রাজ্যে এবং দিল্লিতেও দেখলাম এ নিয়ে শ্রদ্ধামিশ্রিত কৌতূহল। তাঁদের অনুরোধে আমাকে এ বিষয়ে (তাঁদের ভাষায়, শাহবাগ আন্দোলন সম্পর্কে) বক্তৃতা করতে হলো, লিখতে হলো।<br /><br />গণজাগরণ মঞ্চের আন্দোলনের সঙ্গে আমার একটা দ্বিমত ছিল। গণ-আদালতের সময় থেকে আমি বলে আসছি, আমি বিচার চাই, কিন্তু শাস্তির ব্যবস্থাপত্র দিতে পারি না। যাঁদের কাছে বিচার চাই, তাঁরাই সবকিছু পর্যালোচনা করে শাস্তি নির্ধারণ করবেন। শাস্তি কী হবে, তা নিরূপণ করে দিলে বিচারকেরা কি কেবল আমার দাবির পক্ষে রায় দিতে বসবেন?<br /><br />এ সত্ত্বেও গণজাগরণ মঞ্চে উপস্থিত হয়ে তাদের সঙ্গে আমার সংহতি প্রকাশ করেছি। আমার মনে বাধাটা কোথায়, তা ব্যাখ্যা করেও তাদের সমর্থন জানিয়েছি। কারণ, এই অসংগঠিত শক্তির বিস্ফোরণ দেখে আমি বিস্মিত হয়েছি, আশান্বিত হয়েছি, শ্রদ্ধায় মাথা নত করেছি।<br /><br />চাকরিতে কোটা সংরক্ষণের বিরুদ্ধে যে আন্দোলন ঘটে গেল সেদিন, তার মধ্যেও ঘটেছে অসংগঠিত শক্তির উত্থান। আন্দোলনকারীরা ক্রমে শক্তি সঞ্চয় করেছে, তারা অল্পসংখ্যক থেকে অধিকসংখ্যকে পরিণত হয়েছে। তাদের দাবির ন্যায্যতা প্রধানমন্ত্রীও স্বীকার করেছেন।</p>\r\n<p>আন্দোলনকারীদের অন্তত একজন যে &lsquo;আমি রাজাকার&rsquo; লেখা টি-শার্ট পরে এতে যোগ দিয়েছিল, মুহম্মদ জাফর ইকবালের লেখা থেকে সে কথা জেনে আমি মর্মাহত হয়েছি। এই আন্দোলনের সময় ঢাকা বিশ্ববিদ্যালয়ের উপাচার্যের বাসভবনে যেভাবে ধ্বংসযজ্ঞ চলে, শুভবুদ্ধিসম্পন্ন ব্যক্তিমাত্রই তার নিন্দা করবেন। কিন্তু তা ছিল এই আন্দোলনের বিকার, এর স্বরূপ নয়। জাতীয় সংসদে দেওয়া প্রধানমন্ত্রীর আশ্বাসের পর আবার আন্দোলনে প্রবৃত্ত হওয়াও এদের ঠিক হয়নি। তাতেও কিন্তু মূল আন্দোলনের ন্যায্যতা ক্ষুণ্ন হয় না। রাষ্ট্রীয় একটা ব্যবস্থা যদি অযৌক্তিক হয়, তবে তার বিরুদ্ধে দাঁড়ানো সত্য ও ন্যায়ের পরিপোষকমাত্র।</p>\r\n<p>অসংগঠিত শক্তির উত্থান আবার প্রত্যক্ষ করলাম গত কয়েক দিনে। এবার আন্দোলনকারীরা বয়সে আরও ছোট। সদ্য হওয়া যুবক, কিশোর, এমনকি শিশুও এককাতারে এসে দাঁড়িয়েছে বেপরোয়া বাসচালকের পরিণামচিন্তাহীন বাসচালনায় সহপাঠী নিহত হওয়ার প্রতিবাদে। তারা শোক করেছে, আপত্তি জানিয়েছে, দাবি তুলেছে। শুধু তা-ই নয়, তাদের আন্দোলনের তৃতীয় দিন থেকে তারা রাস্তায় গাড়িঘোড়া চলায় শৃঙ্খলা আনতে চেয়েছে। বেআইনি চালকদের পুলিশে সোপর্দ করেছে, অনুমতিহীন গাড়ি আটকে রেখেছে। তারা একটি বা দুটি স্কুলের ছাত্র নয়, ঢাকার বহুসংখ্যক স্কুল-কলেজের বহুতর ছাত্রছাত্রীরা একযোগে পথে নেমেছে, দাবিনামা প্রণয়ন করে কর্তৃপক্ষের হাতে তুলে দিয়েছে।</p>\r\n<p>আন্দোলনের প্রথম দিনে সড়ক অবরোধের কালে আমিও পথে কয়েক ঘণ্টা আটকে থেকে কষ্ট পেয়েছি। আমি জানি, অনেক বিমানযাত্রী ফ্লাইট ধরতে পারেননি। রোগীকে নিয়ে অনেকে হাসপাতালে পৌঁছাতে অপারগ হয়েছে, অনেক বয়স্ক মানুষকে কষ্ট সহ্য করে পায়ে হেঁটে গন্তব্যে পৌঁছাতে হয়েছে। তারপরও এই আন্দোলনের অন্তর্নিহিত শক্তিকে আমি শুধু সবিস্ময়ে অবলোকন করিনি, সন্তুষ্ট চিত্তে প্রণতি জানিয়েছি।</p>\r\n<p>এই তিন ক্ষেত্রেই অভিন্ন আরেকটি ব্যাপার ঘটেছে। মুক্তিযুদ্ধের পক্ষের শক্তি বলে দাবিদার কিছুসংখ্যক যুবক গণজাগরণ মঞ্চ আক্রমণ করে তা ভেঙে দেওয়ার চেষ্টা করে। তাদের উদ্দেশ্য সফল হয়নি, কিন্তু এই আন্দোলন দুর্বল হয়েছে। হয়তো এই মঞ্চ এখন তার প্রয়োজন হারিয়ে ফেলেছে। তবে যেভাবে তা আক্রান্ত হয়েছে, তাতে সরকারের ভাবমূর্তি উজ্জ্বল হয়নি এবং এদের অবশিষ্টাংশকেও সরকারবিরোধী করে তোলা হয়েছে।</p>\r\n<p>কোটা নিয়ে আন্দোলনকারীরাও সেই পক্ষের দ্বারাই নির্মমভাবে আক্রান্ত হয়েছে এবং মানুষের মধ্যে প্রশ্ন জাগিয়েছে, গণতান্ত্রিক রাষ্ট্রে এবং এ দেশে গণতান্ত্রিক আন্দোলনের সূতিকাগার বিশ্ববিদ্যালয়ে দ্বিমত প্রকাশের অধিকার কি বিসর্জিত হলো?</p>\r\n<p>সড়কের নিরাপত্তা নিয়ে আন্দোলনকারীরাও কি এই পরিণতির সম্মুখীন হতে যাচ্ছে? যেখানে স্বরাষ্ট্রমন্ত্রী স্বীকার করেছেন, ছাত্রদের দাবি যৌক্তিক, সেখানে কোনো ছলে তাদের বিরুদ্ধে বলপ্রয়োগও একটা প্রতিবাদযোগ্য বিষয় হয়ে দাঁড়াবে।</p>\r\n<p>যাঁরা বলছেন, সড়কপথে নিরাপত্তাবিধানের দায়িত্ব ছাত্রদের নয়, তাঁদের কথা স্বীকার করেও বলব, আইনশৃঙ্খলা রক্ষার দায়িত্ব যাঁদের, তাঁদের ব্যর্থতায় বা প্রশ্রয়ে সড়কপথে কী নৈরাজ্য চলছে, ছাত্ররা এক দিনে তা দেখিয়ে দিল। এরপরও কি আমাদের চোখ খুলবে না?</p>\r\n<p>১৯৫২ সালে রাষ্ট্রভাষা আন্দোলন থেকে ১৯৬৯ সালের গণ-অভ্যুত্থান পর্যন্ত যত আন্দোলন ঘটেছে, ক্ষমতাসীনেরা তাকে রাষ্ট্রবিরোধী বলে চিহ্নিত করেছে। ষাটের দশকে এনএসএফ সংগঠনের সদস্যেরা বিরোধীপক্ষীয় ছাত্রদের উৎপীড়ন করেছিল। পরিণাম কী হয়েছে, তা আমরা সবাই জানি।</p>\r\n<p>বিরোধীদলীয় রাজনীতিকেরা যে ছাত্র আন্দোলন বা গণ-আন্দোলনের সুযোগ নেওয়ার চেষ্টা করবেন, তা স্বাভাবিক। আন্দোলনের প্রতি সহানুভূতি না থাকলে এবং কালক্ষেপণ করলে তাঁরা সে সুযোগ পাবেন।</p>\r\n<p>কাগজে দেখলাম, এক মা আন্দোলনকারী ছাত্রদের জন্য বৃহস্পতিবার খাবার নিয়ে গেছেন। আমার নিজের মায়ের কথা মনে পড়ল। রাষ্ট্রভাষা আন্দোলনের প্রথম শহীদ মিনার গড়ে উঠলে আব্বাকে নিয়ে মা সেখানে গিয়েছিল এবং তার কাছে রাখা আমার এক মৃত বোনের সোনার হার নিবেদন করে এসেছিল। এই মায়েরা অন্তর দিয়ে যা উপলব্ধি করে, তা ধরার ধুলায় হারিয়ে যায় না। উদ্বোধিত শক্তি নিজের পথ করে গন্তব্য খুঁজে নেয়।</p>\r\n</div>\r\n</article>\r\n<div class="more_and_tag">&nbsp;</div>\r\n</div>\r\n</div>\r\n</div>', 'http://notunshomoy.test/uploads/shares/Goals_ceo-2018-08-04-16-21-52.jpg', 1, 1, 0, '2018-08-04 10:26:58', '2018-08-05 23:09:27', 1, '2018-08-05 18:14:10', 10),
(7, 1, 'shihab', 'তামিম–সৌম্যর আউটে <br> দোষ দেখছেন না সাকিব', 'তামিম–সৌম্যর আউটে দোষ দেখছেন না সাকিব', '', 'তামিম–সৌম্যর-আউটে--দোষ-দেখছেন-না-সাকিব', 'অধিনায়ক হিসেবে আগলেই রাখলেন তামিম ইকবাল ও সৌম্য সরকারকে। দোষ নিলেন নিজের কাঁধেই। আক্ষেপ করলেন, তিনি নিজে কেন বড় ইনিংস খেললেন না। ভালো শুরুর পরেও ব্যাটসম্যানদের অল্পতে ফিরে যাওয়া নিয়েও হতাশ সাকিব আল হাসান', 'অধিনায়ক হিসেবে আগলেই রাখলেন তামিম ইকবাল ও সৌম্য সরকারকে। দোষ নিলেন নিজের কাঁধেই। আক্ষেপ করলেন, তিনি নিজে কেন বড় ইনিংস খেললেন না। ভালো শুরুর পরেও ব্যাটসম্যানদের অল্পতে ফিরে যাওয়া নিয়েও হতাশ সাকিব আল হাসান', '<blockquote>\r\n<div class="palo_web_news_div"><span style="color: #000000;">অধিনায়ক হিসেবে আগলেই রাখলেন তামিম ইকবাল ও সৌম্য সরকারকে। দোষ নিলেন নিজের কাঁধেই। আক্ষেপ করলেন, তিনি নিজে কেন বড় ইনিংস খেললেন না। ভালো শুরুর পরেও ব্যাটসম্যানদের অল্পতে ফিরে যাওয়া নিয়েও হতাশ সাকিব আল হাসান</span></div>\r\n</blockquote>\r\n<p>ম্যাচ শেষে দেখা গেল, ডাগআউটে বসে ব্যাটিং কোচের সঙ্গে কথা বলছেন তামিম ইকবাল। আজ তাঁর মুখে হাসি নেই, যেটি দেখা গেছে পুরো ওয়ানডে সিরিজে। টি-টোয়েন্টি সিরিজেও তামিমের ভালো শুরুর সুযোগ ছিল। পারেননি। ব্যর্থও হয়েছেন, বেশ দৃষ্টিকটুভাবেই।</p>\r\n<p>ইনিংসের প্রথম বলেই উইকেট থেকে বেরিয়ে নার্সকে কাভারের ওপর দিয়ে মারতে গিয়েছিলেন তামিম। ফল? শূন্য রানে স্টাম্পড! এভাবে কেউ আউট হয়? যেন &lsquo;মরিবার হলো স্বাদ&rsquo;। দুই বল পরেই শূন্য রানে বোল্ড সৌম্যও। সৌম্য অবশ্য রক্ষণাত্মক খেলতে গিয়েছিলেন, ব্যাট-প্যাডের মাঝ দিয়ে বল গিয়ে লাগল স্টাম্পে! ৫ রানে নেই ২ উইকেট, প্রথম ওভারেই এলোমেলো বাংলাদেশের ব্যাটিং।</p>\r\n<p>অধিনায়ক আগলে রাখবেন সতীর্থদের, সেটি মেনেই তামিমের ছটফটানিকে অস্বাভাবিক মনে করছেন না সাকিব, &lsquo;ওদের চিন্তাভাবনা নিয়ে কোনো প্রশ্ন নেই। টি-টোয়েন্টিতে সবাই ইতিবাচক থাকবে এবং রান করার চেষ্টাই করবে ইনিংসের শুরু থেকে। সবাই সে চেষ্টাই করেছে। এভাবে উইকেট না হারিয়ে কীভাবে রান করব, সেটিই হচ্ছে গুরুত্বপূর্ণ। ১১ ওভারে আমাদের যে ১০০ ছিল, সেটা যদি ৫ উইকেটে না হয়ে ২ উইকেটে হতো তাহলে এমন একটা প্ল্যাটফর্ম তৈরি হতো যেখানে ১৯০/২০০ করার মতো একটা অবস্থায় আমরা যেতে পারতাম।&rsquo;</p>\r\n<p>১২ ওভারে যাদের রান ছিল ৫ উইকেটে ১০০, তারাই পরের ৪৮ বলে তুলতে পেরেছে ৪৩ রান। শেষ পর্যন্ত কেন বড় স্কোর হয়নি, সব দায়িত্ব নিজের কাঁধেই নিয়ে নিলেন বাংলাদেশ টি-টোয়েন্টি অধিনায়ক, &lsquo;প্রথম ওভারে ২ উইকেট পড়ে গিয়েছিল। আমি আর লিটন ব্যাটিং করছিলাম। ২-৪ ওভার খেললে উইকেট সম্পর্কে ভালো ধারণা পাওয়া যায়। সবাই ভালো শুরু পেয়েছি কিন্তু বড় স্কোর পাইনি। এটাই সবচেয়ে হতাশার দিক। অন্য দলে দেখা যায় শীর্ষ তিন বা চারে একটা বড় ইনিংস খেলে, যেটা আমাদের খুব দরকার পরের দুই ম্যাচে।&rsquo;</p>\r\n<p>পরের দুই ম্যাচ বলতে যুক্তরাষ্ট্রে। ফ্লোরিডায় টি-টোয়েন্টি সিরিজের শেষ দুটি ম্যাচ। বাংলাদেশ পারবে ঘুরে দাঁড়াতে? রাতে ওয়ার্নার পার্ক ছাড়ার আগে সাকিব আশার কথা শুনিয়ে গেলেন, &lsquo;সেখানে আমাদের অনেক দর্শক থাকবে। দর্শকদের কাছ থেকে অনুপ্রাণিত হওয়া উচিত। যদিও একটা সফরের শেষ পর্যায়ে নিজেদের উদ্বুদ্ধ করা কঠিন হয়ে যায়। পেশাদার খেলোয়াড় হিসেবে এটা অবশ্য ঠিক না। এখনো আমাদের সিরিজ জেতা সম্ভব। যেহেতু বাকি আছে দুটি ম্যাচ। যদি পারি, সেটা হবে বিরাট অর্জন।&rsquo;</p>', 'http://notunshomoy.test/uploads/shares/Goals_ceo-2018-08-04-16-21-52.jpg', 1, 1, 0, '2018-08-04 10:28:19', '2018-08-05 23:53:15', 1, '2018-08-05 18:15:04', 59);

-- --------------------------------------------------------

--
-- Table structure for table `post_tag`
--

CREATE TABLE IF NOT EXISTS `post_tag` (
  `post_id` int(10) unsigned NOT NULL,
  `tag_id` int(10) unsigned NOT NULL,
  `created_at` timestamp NULL DEFAULT NULL,
  `updated_at` timestamp NULL DEFAULT NULL,
  KEY `post_tag_post_id_index` (`post_id`),
  KEY `post_tag_tag_id_index` (`tag_id`)
) ENGINE=MyISAM DEFAULT CHARSET=utf8 COLLATE=utf8_unicode_ci;

--
-- Dumping data for table `post_tag`
--

INSERT INTO `post_tag` (`post_id`, `tag_id`, `created_at`, `updated_at`) VALUES
(2, 2, '2018-08-04 10:18:05', '2018-08-04 10:18:05'),
(2, 3, '2018-08-04 10:18:05', '2018-08-04 10:18:05'),
(2, 4, '2018-08-04 10:18:05', '2018-08-04 10:18:05'),
(3, 5, '2018-08-04 10:20:47', '2018-08-04 10:20:47'),
(4, 6, '2018-08-04 10:23:25', '2018-08-04 10:23:25'),
(4, 7, '2018-08-04 10:23:25', '2018-08-04 10:23:25'),
(4, 8, '2018-08-04 10:23:25', '2018-08-04 10:23:25'),
(4, 9, '2018-08-04 10:23:25', '2018-08-04 10:23:25'),
(5, 8, '2018-08-04 10:25:36', '2018-08-04 10:25:36'),
(5, 10, '2018-08-04 10:25:36', '2018-08-04 10:25:36'),
(5, 11, '2018-08-04 10:25:36', '2018-08-04 10:25:36'),
(6, 12, '2018-08-04 10:26:58', '2018-08-04 10:26:58'),
(6, 13, '2018-08-04 10:26:58', '2018-08-04 10:26:58'),
(7, 14, '2018-08-04 10:28:19', '2018-08-04 10:28:19'),
(7, 15, '2018-08-04 10:28:19', '2018-08-04 10:28:19'),
(7, 16, '2018-08-04 10:28:19', '2018-08-04 10:28:19');

-- --------------------------------------------------------

--
-- Table structure for table `settings`
--

CREATE TABLE IF NOT EXISTS `settings` (
  `id` int(10) unsigned NOT NULL AUTO_INCREMENT,
  `admin_prefix` varchar(255) COLLATE utf8_unicode_ci DEFAULT NULL,
  `site_url` varchar(255) COLLATE utf8_unicode_ci DEFAULT NULL,
  `site_title` varchar(255) COLLATE utf8_unicode_ci DEFAULT NULL,
  `site_email` varchar(255) COLLATE utf8_unicode_ci DEFAULT NULL,
  `cr_text_1` varchar(255) COLLATE utf8_unicode_ci DEFAULT NULL,
  `cr_text_2` varchar(255) COLLATE utf8_unicode_ci DEFAULT NULL,
  `meta_title` varchar(255) COLLATE utf8_unicode_ci DEFAULT NULL,
  `meta_description` varchar(255) COLLATE utf8_unicode_ci DEFAULT NULL,
  `meta_keywords` varchar(255) COLLATE utf8_unicode_ci DEFAULT NULL,
  `logo` varchar(255) COLLATE utf8_unicode_ci DEFAULT NULL,
  `favicon` varchar(255) COLLATE utf8_unicode_ci DEFAULT NULL,
  `facebook` varchar(255) COLLATE utf8_unicode_ci DEFAULT NULL,
  `twitter` varchar(255) COLLATE utf8_unicode_ci DEFAULT NULL,
  `youtube` varchar(255) COLLATE utf8_unicode_ci DEFAULT NULL,
  `google_plus` varchar(255) COLLATE utf8_unicode_ci DEFAULT NULL,
  `created_at` timestamp NULL DEFAULT NULL,
  `updated_at` timestamp NULL DEFAULT NULL,
  PRIMARY KEY (`id`)
) ENGINE=MyISAM  DEFAULT CHARSET=utf8 COLLATE=utf8_unicode_ci AUTO_INCREMENT=2 ;

--
-- Dumping data for table `settings`
--

INSERT INTO `settings` (`id`, `admin_prefix`, `site_url`, `site_title`, `site_email`, `cr_text_1`, `cr_text_2`, `meta_title`, `meta_description`, `meta_keywords`, `logo`, `favicon`, `facebook`, `twitter`, `youtube`, `google_plus`, `created_at`, `updated_at`) VALUES
(1, 'admin', NULL, 'Eastern IT Application', NULL, 'Lorem ipsum dolor sit amet, consectetur adipisicing elit. Dolorem dolores impedit, laudantium perspiciatis recusandae soluta', 'Lorem ipsum dolor sit amet, consectetur adipisicing elit. Dolorem dolores impedit, laudantium perspiciatis recusandae soluta', NULL, NULL, NULL, NULL, NULL, NULL, NULL, NULL, NULL, '2018-08-03 10:50:28', '2018-08-03 10:50:28');

-- --------------------------------------------------------

--
-- Table structure for table `sub_categories`
--

CREATE TABLE IF NOT EXISTS `sub_categories` (
  `id` int(10) unsigned NOT NULL AUTO_INCREMENT,
  `category_id` int(10) unsigned NOT NULL,
  `name` varchar(255) COLLATE utf8_unicode_ci NOT NULL,
  `slug` varchar(255) COLLATE utf8_unicode_ci NOT NULL,
  `created_at` timestamp NULL DEFAULT NULL,
  `updated_at` timestamp NULL DEFAULT NULL,
  PRIMARY KEY (`id`),
  KEY `sub_categories_category_id_index` (`category_id`)
) ENGINE=MyISAM DEFAULT CHARSET=utf8 COLLATE=utf8_unicode_ci AUTO_INCREMENT=1 ;

-- --------------------------------------------------------

--
-- Table structure for table `sub_menus`
--

CREATE TABLE IF NOT EXISTS `sub_menus` (
  `id` int(10) unsigned NOT NULL AUTO_INCREMENT,
  `menu_id` int(10) unsigned NOT NULL,
  `url_text` varchar(255) COLLATE utf8_unicode_ci NOT NULL,
  `url_path` varchar(255) COLLATE utf8_unicode_ci NOT NULL,
  `created_at` timestamp NULL DEFAULT NULL,
  `updated_at` timestamp NULL DEFAULT NULL,
  PRIMARY KEY (`id`),
  KEY `sub_menus_menu_id_index` (`menu_id`)
) ENGINE=MyISAM  DEFAULT CHARSET=utf8 COLLATE=utf8_unicode_ci AUTO_INCREMENT=2 ;

--
-- Dumping data for table `sub_menus`
--

INSERT INTO `sub_menus` (`id`, `menu_id`, `url_text`, `url_path`, `created_at`, `updated_at`) VALUES
(1, 2, 'Dhaka City', 'http://google.com', '2018-08-05 16:49:49', '2018-08-05 16:49:49');

-- --------------------------------------------------------

--
-- Table structure for table `tags`
--

CREATE TABLE IF NOT EXISTS `tags` (
  `id` int(10) unsigned NOT NULL AUTO_INCREMENT,
  `name` varchar(255) COLLATE utf8_unicode_ci NOT NULL,
  `created_at` timestamp NULL DEFAULT NULL,
  `updated_at` timestamp NULL DEFAULT NULL,
  PRIMARY KEY (`id`)
) ENGINE=MyISAM  DEFAULT CHARSET=utf8 COLLATE=utf8_unicode_ci AUTO_INCREMENT=30 ;

--
-- Dumping data for table `tags`
--

INSERT INTO `tags` (`id`, `name`, `created_at`, `updated_at`) VALUES
(1, 'a', '2018-08-03 15:09:53', '2018-08-03 15:09:53'),
(2, 'প্রিমিয়ার', '2018-08-04 10:18:05', '2018-08-04 10:18:05'),
(3, 'ইউরোপিয়ান', '2018-08-04 10:18:05', '2018-08-04 10:18:05'),
(4, 'ফুটবল', '2018-08-04 10:18:05', '2018-08-04 10:18:05'),
(5, 'উই ওয়ান্ট জাস্টিস', '2018-08-04 10:20:47', '2018-08-04 10:20:47'),
(6, 'জিগাতলা', '2018-08-04 10:23:25', '2018-08-04 10:23:25'),
(7, 'বিজিবি', '2018-08-04 10:23:25', '2018-08-04 10:23:25'),
(8, 'শিক্ষার্থী', '2018-08-04 10:23:25', '2018-08-04 10:23:25'),
(9, 'হামলা', '2018-08-04 10:23:25', '2018-08-04 10:23:25'),
(10, 'নিরাপদ', '2018-08-04 10:25:36', '2018-08-04 10:25:36'),
(11, 'সড়ক', '2018-08-04 10:25:36', '2018-08-04 10:25:36'),
(12, 'শক্তি', '2018-08-04 10:26:58', '2018-08-04 10:26:58'),
(13, 'উদ্বোধন', '2018-08-04 10:26:58', '2018-08-04 10:26:58'),
(14, 'অধিনায়ক', '2018-08-04 10:28:19', '2018-08-04 10:28:19'),
(15, 'ইকবাল', '2018-08-04 10:28:19', '2018-08-04 10:28:19'),
(16, 'তামিম', '2018-08-04 10:28:19', '2018-08-04 10:28:19'),
(17, '#PrantoBhaiya', '2018-08-04 10:32:26', '2018-08-04 10:32:26'),
(18, '#WewantJustice', '2018-08-04 10:32:26', '2018-08-04 10:32:26'),
(19, 'বাংলাদেশ', '2018-08-04 10:34:14', '2018-08-04 10:34:14'),
(20, 'ছাত্রলীগ', '2018-08-04 10:34:49', '2018-08-04 10:34:49'),
(21, 'পুলিশ', '2018-08-04 10:35:16', '2018-08-04 10:35:16'),
(22, 'বন্ধ', '2018-08-04 10:36:04', '2018-08-04 10:36:04'),
(23, 'রাস্তা', '2018-08-04 10:36:04', '2018-08-04 10:36:04'),
(24, 'ENGLAND', '2018-08-04 10:38:15', '2018-08-04 10:38:15'),
(25, 'CRICKET', '2018-08-04 10:38:15', '2018-08-04 10:38:15'),
(26, 'কিম', '2018-08-04 10:42:39', '2018-08-04 10:42:39'),
(27, 'চীন', '2018-08-04 10:42:39', '2018-08-04 10:42:39'),
(28, 'নির্বাচন', '2018-08-04 10:44:17', '2018-08-04 10:44:17'),
(29, 'গুজব', '2018-08-05 20:36:23', '2018-08-05 20:36:23');

-- --------------------------------------------------------

--
-- Table structure for table `tag_photo`
--

CREATE TABLE IF NOT EXISTS `tag_photo` (
  `photo_id` int(10) unsigned NOT NULL,
  `tag_id` int(10) unsigned NOT NULL,
  `created_at` timestamp NULL DEFAULT NULL,
  `updated_at` timestamp NULL DEFAULT NULL,
  KEY `tag_photo_photo_id_index` (`photo_id`),
  KEY `tag_photo_tag_id_index` (`tag_id`)
) ENGINE=MyISAM DEFAULT CHARSET=utf8 COLLATE=utf8_unicode_ci;

--
-- Dumping data for table `tag_photo`
--

INSERT INTO `tag_photo` (`photo_id`, `tag_id`, `created_at`, `updated_at`) VALUES
(1, 26, '2018-08-04 10:42:39', '2018-08-04 10:42:39'),
(1, 27, '2018-08-04 10:42:39', '2018-08-04 10:42:39'),
(2, 28, '2018-08-04 10:44:17', '2018-08-04 10:44:17');

-- --------------------------------------------------------

--
-- Table structure for table `tag_video`
--

CREATE TABLE IF NOT EXISTS `tag_video` (
  `video_gallery_id` int(10) unsigned NOT NULL,
  `tag_id` int(10) unsigned NOT NULL,
  `created_at` timestamp NULL DEFAULT NULL,
  `updated_at` timestamp NULL DEFAULT NULL,
  KEY `tag_video_video_gallery_id_index` (`video_gallery_id`),
  KEY `tag_video_tag_id_index` (`tag_id`)
) ENGINE=MyISAM DEFAULT CHARSET=utf8 COLLATE=utf8_unicode_ci;

--
-- Dumping data for table `tag_video`
--

INSERT INTO `tag_video` (`video_gallery_id`, `tag_id`, `created_at`, `updated_at`) VALUES
(1, 17, '2018-08-04 10:32:26', '2018-08-04 10:32:26'),
(1, 18, '2018-08-04 10:32:26', '2018-08-04 10:32:26'),
(2, 19, '2018-08-04 10:34:14', '2018-08-04 10:34:14'),
(3, 20, '2018-08-04 10:34:49', '2018-08-04 10:34:49'),
(4, 21, '2018-08-04 10:35:16', '2018-08-04 10:35:16'),
(5, 22, '2018-08-04 10:36:04', '2018-08-04 10:36:04'),
(5, 23, '2018-08-04 10:36:04', '2018-08-04 10:36:04'),
(6, 24, '2018-08-04 10:38:15', '2018-08-04 10:38:15'),
(6, 25, '2018-08-04 10:38:15', '2018-08-04 10:38:15'),
(9, 29, '2018-08-05 20:36:23', '2018-08-05 20:36:23');

-- --------------------------------------------------------

--
-- Table structure for table `video_galleries`
--

CREATE TABLE IF NOT EXISTS `video_galleries` (
  `id` int(10) unsigned NOT NULL AUTO_INCREMENT,
  `user_id` int(11) NOT NULL,
  `title` varchar(255) COLLATE utf8_unicode_ci NOT NULL,
  `streaming_site` varchar(255) COLLATE utf8_unicode_ci NOT NULL,
  `video_id` varchar(255) COLLATE utf8_unicode_ci DEFAULT NULL,
  `video_url` varchar(255) COLLATE utf8_unicode_ci NOT NULL,
  `thumbnail` varchar(255) COLLATE utf8_unicode_ci DEFAULT NULL,
  `view_count` bigint(20) NOT NULL DEFAULT '0',
  `created_at` timestamp NULL DEFAULT NULL,
  `updated_at` timestamp NULL DEFAULT NULL,
  `last_update` timestamp NULL DEFAULT NULL,
  PRIMARY KEY (`id`)
) ENGINE=MyISAM  DEFAULT CHARSET=utf8 COLLATE=utf8_unicode_ci AUTO_INCREMENT=10 ;

--
-- Dumping data for table `video_galleries`
--

INSERT INTO `video_galleries` (`id`, `user_id`, `title`, `streaming_site`, `video_id`, `video_url`, `thumbnail`, `view_count`, `created_at`, `updated_at`, `last_update`) VALUES
(1, 1, 'শিক্ষার্থীদের আন্দোলন | Road accident Issue Bangladesh 2018 | নয় দফা দাবী | Pranto Bhaiya ', 'youtube', 'Q-PN4P4yH-o', 'https://www.youtube.com/watch?v=Q-PN4P4yH-o', 'https://img.youtube.com/vi/Q-PN4P4yH-o/0.jpg', 0, '2018-08-04 10:32:26', '2018-08-04 10:32:26', NULL),
(2, 1, 'ভিন্ন মাত্রার অনুশীলনে বাংলাদেশ। এখানে বাংলাদেশের সমর্থক বেশি', 'youtube', 'smk88EoGeFs', 'https://www.youtube.com/watch?v=smk88EoGeFs', 'https://img.youtube.com/vi/smk88EoGeFs/0.jpg', 0, '2018-08-04 10:34:14', '2018-08-04 10:34:14', NULL),
(3, 1, ' 1:45 / 10:48 মিরপুরে শিক্ষার্থীদের উপর পুলিশ ও ছাত্রলীগের হামলা | Bangladesh Student Protest', 'youtube', 'fjfnU6n6joU', 'https://www.youtube.com/watch?v=fjfnU6n6joU', 'https://img.youtube.com/vi/fjfnU6n6joU/maxresdefault.jpg', 0, '2018-08-04 10:34:49', '2018-08-04 10:34:49', NULL),
(4, 1, 'পুলিশের দায়িত্ব পালন করছে শিক্ষার্থীরা! | Bangladesh Student Protest', 'youtube', 'crDehzf0FhI', 'https://www.youtube.com/watch?v=crDehzf0FhI', 'https://img.youtube.com/vi/crDehzf0FhI/maxresdefault.jpg', 0, '2018-08-04 10:35:16', '2018-08-04 10:35:16', NULL),
(5, 1, 'Ajker Bangladesh, 01 August 2018 । রাস্তা বন্ধ ।', 'youtube', 'FyOp8gW3EMU', 'https://www.youtube.com/watch?v=FyOp8gW3EMU', 'https://img.youtube.com/vi/FyOp8gW3EMU/0.jpg', 0, '2018-08-04 10:36:04', '2018-08-04 10:36:15', '2018-08-04 10:36:15'),
(6, 1, 'INDIA vs ENGLAND LIVE! IND vs ENG 1st Test DAY 4 LIVE CRICKET', 'facebook', '2234045449957627', 'https://www.facebook.com/2230265673668938/videos/2234045449957627/', 'http://notunshomoy.test/uploads/shares/Goals_ceo-2018-08-04-16-21-52.jpg', 0, '2018-08-04 10:38:15', '2018-08-04 10:38:15', NULL),
(7, 1, 'Live from the interaction with students at Jnana Bheri program', 'facebook', '2172525602976362', 'https://www.facebook.com/tdp.ncbn.official/videos/2172525602976362/', 'https://graph.facebook.com/2172525602976362/picture', 0, '2018-08-04 10:38:53', '2018-08-04 10:38:53', NULL),
(8, 1, 'Port of Kobe Fireworks ', 'facebook', '10157660757572619', 'https://www.facebook.com/Japanese.Language.Culture/videos/10157660757572619/', 'https://graph.facebook.com/10157660757572619/picture', 0, '2018-08-04 10:40:46', '2018-08-04 10:40:46', NULL),
(9, 1, 'ইস!!! কিছু না সব গুজব, গুজব!!!!', 'facebook', '1631955366933209', 'https://www.facebook.com/sourov.chandpure/videos/pcb.1631955806933165/1631955366933209/?type=3', 'https://graph.facebook.com/1631955366933209/picture', 0, '2018-08-05 20:36:23', '2018-08-05 20:36:23', NULL);

